Last updated on 2024-08-07 00:49:29 CEST.
Flavor | Version | Tinstall | Tcheck | Ttotal | Status | Flags |
---|---|---|---|---|---|---|
r-devel-linux-x86_64-debian-clang | 1.3 | 8.75 | 77.39 | 86.14 | NOTE | |
r-devel-linux-x86_64-debian-gcc | 1.3 | 5.92 | 62.20 | 68.12 | NOTE | |
r-devel-linux-x86_64-fedora-clang | 1.3 | 155.29 | NOTE | |||
r-devel-linux-x86_64-fedora-gcc | 1.3 | 168.79 | NOTE | |||
r-devel-windows-x86_64 | 1.3 | 13.00 | 129.00 | 142.00 | NOTE | |
r-patched-linux-x86_64 | 1.3 | 8.34 | 75.93 | 84.27 | NOTE | |
r-release-linux-x86_64 | 1.3 | 8.55 | 75.88 | 84.43 | NOTE | |
r-release-macos-arm64 | 1.3 | 51.00 | NOTE | |||
r-release-macos-x86_64 | 1.3 | 80.00 | NOTE | |||
r-release-windows-x86_64 | 1.3 | 12.00 | 141.00 | 153.00 | NOTE | |
r-oldrel-macos-arm64 | 1.3 | 59.00 | NOTE | |||
r-oldrel-macos-x86_64 | 1.3 | 91.00 | NOTE | |||
r-oldrel-windows-x86_64 | 1.3 | 12.00 | 146.00 | 158.00 | NOTE |
Version: 1.3
Check: C++ specification
Result: NOTE
Specified C++11: please drop specification unless essential
Flavors: r-devel-linux-x86_64-debian-clang, r-devel-linux-x86_64-debian-gcc, r-devel-linux-x86_64-fedora-clang, r-devel-linux-x86_64-fedora-gcc, r-devel-windows-x86_64, r-patched-linux-x86_64, r-release-linux-x86_64, r-release-macos-arm64, r-release-macos-x86_64, r-release-windows-x86_64, r-oldrel-macos-arm64, r-oldrel-macos-x86_64, r-oldrel-windows-x86_64