Last updated on 2024-08-07 00:49:29 CEST.
Flavor | Version | Tinstall | Tcheck | Ttotal | Status | Flags |
---|---|---|---|---|---|---|
r-devel-linux-x86_64-debian-clang | 0.1.0-1 | 25.71 | 221.99 | 247.70 | OK | |
r-devel-linux-x86_64-debian-gcc | 0.1.0-1 | 16.88 | 145.43 | 162.31 | OK | |
r-devel-linux-x86_64-fedora-clang | 0.1.0-1 | 442.53 | NOTE | |||
r-devel-linux-x86_64-fedora-gcc | 0.1.0-1 | 482.26 | NOTE | |||
r-devel-windows-x86_64 | 0.1.0-1 | 27.00 | 312.00 | 339.00 | OK | |
r-patched-linux-x86_64 | 0.1.0-1 | 22.04 | 207.88 | 229.92 | OK | |
r-release-linux-x86_64 | 0.1.0-1 | 22.65 | 214.70 | 237.35 | OK | |
r-release-macos-arm64 | 0.1.0-1 | 106.00 | OK | |||
r-release-macos-x86_64 | 0.1.0-1 | 201.00 | OK | |||
r-release-windows-x86_64 | 0.1.0-1 | 29.00 | 303.00 | 332.00 | OK | |
r-oldrel-macos-arm64 | 0.1.0-1 | 128.00 | OK | |||
r-oldrel-macos-x86_64 | 0.1.0-1 | 204.00 | OK | |||
r-oldrel-windows-x86_64 | 0.1.0-1 | 34.00 | 356.00 | 390.00 | OK |
Version: 0.1.0-1
Check: dependencies in R code
Result: NOTE
Namespaces in Imports field not imported from:
‘doParallel’ ‘pROC’
All declared Imports should be used.
Flavors: r-devel-linux-x86_64-fedora-clang, r-devel-linux-x86_64-fedora-gcc