Last updated on 2024-08-07 00:49:29 CEST.
Flavor | Version | Tinstall | Tcheck | Ttotal | Status | Flags |
---|---|---|---|---|---|---|
r-devel-linux-x86_64-debian-clang | 0.1.0 | 6.04 | 56.87 | 62.91 | NOTE | |
r-devel-linux-x86_64-debian-gcc | 0.1.0 | 4.69 | 40.54 | 45.23 | NOTE | |
r-devel-linux-x86_64-fedora-clang | 0.1.0 | 99.71 | NOTE | |||
r-devel-linux-x86_64-fedora-gcc | 0.1.0 | 97.09 | NOTE | |||
r-devel-windows-x86_64 | 0.1.0 | 8.00 | 68.00 | 76.00 | NOTE | |
r-patched-linux-x86_64 | 0.1.0 | 5.33 | 54.81 | 60.14 | NOTE | |
r-release-linux-x86_64 | 0.1.0 | 5.54 | 54.31 | 59.85 | NOTE | |
r-release-macos-arm64 | 0.1.0 | 30.00 | NOTE | |||
r-release-macos-x86_64 | 0.1.0 | 67.00 | NOTE | |||
r-release-windows-x86_64 | 0.1.0 | 6.00 | 67.00 | 73.00 | NOTE | |
r-oldrel-macos-arm64 | 0.1.0 | 35.00 | NOTE | |||
r-oldrel-macos-x86_64 | 0.1.0 | 54.00 | NOTE | |||
r-oldrel-windows-x86_64 | 0.1.0 | 9.00 | 81.00 | 90.00 | NOTE |
Version: 0.1.0
Check: LazyData
Result: NOTE
'LazyData' is specified without a 'data' directory
Flavors: r-devel-linux-x86_64-debian-clang, r-devel-linux-x86_64-debian-gcc, r-devel-linux-x86_64-fedora-clang, r-devel-linux-x86_64-fedora-gcc, r-devel-windows-x86_64, r-patched-linux-x86_64, r-release-linux-x86_64, r-release-macos-arm64, r-release-macos-x86_64, r-release-windows-x86_64, r-oldrel-macos-arm64, r-oldrel-macos-x86_64, r-oldrel-windows-x86_64