Last updated on 2024-08-07 00:49:29 CEST.
Flavor | Version | Tinstall | Tcheck | Ttotal | Status | Flags |
---|---|---|---|---|---|---|
r-devel-linux-x86_64-debian-clang | 2.0.1 | 16.89 | 161.87 | 178.76 | NOTE | |
r-devel-linux-x86_64-debian-gcc | 2.0.1 | 12.94 | 106.19 | 119.13 | NOTE | |
r-devel-linux-x86_64-fedora-clang | 2.0.1 | 299.84 | NOTE | |||
r-devel-linux-x86_64-fedora-gcc | 2.0.1 | 291.15 | NOTE | |||
r-devel-windows-x86_64 | 2.0.1 | 17.00 | 153.00 | 170.00 | NOTE | |
r-patched-linux-x86_64 | 2.0.1 | 14.08 | 153.25 | 167.33 | NOTE | |
r-release-linux-x86_64 | 2.0.1 | 14.46 | 157.16 | 171.62 | NOTE | |
r-release-macos-arm64 | 2.0.1 | 70.00 | NOTE | |||
r-release-macos-x86_64 | 2.0.1 | 120.00 | NOTE | |||
r-release-windows-x86_64 | 2.0.1 | 17.00 | 157.00 | 174.00 | NOTE | |
r-oldrel-macos-arm64 | 2.0.1 | 99.00 | NOTE | |||
r-oldrel-macos-x86_64 | 2.0.1 | 152.00 | NOTE | |||
r-oldrel-windows-x86_64 | 2.0.1 | 23.00 | 199.00 | 222.00 | NOTE |
Version: 2.0.1
Check: package dependencies
Result: NOTE
Packages suggested but not available for checking:
'survHEinla', 'survHEhmc', 'INLA'
Flavors: r-devel-linux-x86_64-debian-clang, r-devel-linux-x86_64-debian-gcc, r-patched-linux-x86_64, r-release-linux-x86_64, r-release-macos-arm64, r-release-macos-x86_64, r-oldrel-macos-arm64, r-oldrel-windows-x86_64
Version: 2.0.1
Check: package dependencies
Result: NOTE
Packages suggested but not available for checking:
'survHEinla', 'survHEhmc'
Flavors: r-devel-linux-x86_64-fedora-clang, r-devel-linux-x86_64-fedora-gcc, r-devel-windows-x86_64, r-release-windows-x86_64
Version: 2.0.1
Check: package dependencies
Result: NOTE
Packages suggested but not available for checking:
'survHEinla', 'survHEhmc', 'INLA', 'rstan'
Flavor: r-oldrel-macos-x86_64