Last updated on 2024-08-07 00:49:29 CEST.
Flavor | Version | Tinstall | Tcheck | Ttotal | Status | Flags |
---|---|---|---|---|---|---|
r-devel-linux-x86_64-debian-clang | 1.6.0 | 38.28 | 106.37 | 144.65 | OK | --no-vignettes |
r-devel-linux-x86_64-debian-gcc | 1.6.0 | 27.27 | 81.71 | 108.98 | OK | --no-vignettes |
r-devel-linux-x86_64-fedora-clang | 1.6.0 | 561.75 | OK | |||
r-devel-linux-x86_64-fedora-gcc | 1.6.0 | 605.36 | OK | |||
r-devel-windows-x86_64 | 1.6.0 | 36.00 | 406.00 | 442.00 | OK | |
r-patched-linux-x86_64 | 1.6.0 | 37.89 | 108.13 | 146.02 | OK | --no-vignettes |
r-release-linux-x86_64 | 1.6.0 | 37.95 | 108.38 | 146.33 | OK | --no-vignettes |
r-release-macos-arm64 | 1.6.0 | 157.00 | NOTE | |||
r-release-macos-x86_64 | 1.6.0 | 296.00 | NOTE | |||
r-release-windows-x86_64 | 1.6.0 | 37.00 | 404.00 | 441.00 | OK | |
r-oldrel-macos-arm64 | 1.6.0 | 212.00 | NOTE | |||
r-oldrel-macos-x86_64 | 1.6.0 | 438.00 | NOTE | |||
r-oldrel-windows-x86_64 | 1.6.0 | 44.00 | 456.00 | 500.00 | OK |
Version: 1.6.0
Check: installed package size
Result: NOTE
installed size is 23.3Mb
sub-directories of 1Mb or more:
doc 1.5Mb
libs 21.4Mb
Flavors: r-release-macos-arm64, r-release-macos-x86_64, r-oldrel-macos-arm64, r-oldrel-macos-x86_64