Last updated on 2024-08-07 00:49:29 CEST.
Flavor | Version | Tinstall | Tcheck | Ttotal | Status | Flags |
---|---|---|---|---|---|---|
r-devel-linux-x86_64-debian-clang | 1.0.0 | 46.41 | 330.93 | 377.34 | NOTE | |
r-devel-linux-x86_64-debian-gcc | 1.0.0 | 27.50 | 218.58 | 246.08 | NOTE | |
r-devel-linux-x86_64-fedora-clang | 1.0.0 | 624.68 | NOTE | |||
r-devel-linux-x86_64-fedora-gcc | 1.0.0 | 621.38 | OK | |||
r-devel-windows-x86_64 | 1.0.0 | 40.00 | 285.00 | 325.00 | NOTE | |
r-patched-linux-x86_64 | 1.0.0 | 41.63 | 312.08 | 353.71 | NOTE | |
r-release-linux-x86_64 | 1.0.0 | 38.27 | 315.65 | 353.92 | NOTE | |
r-release-macos-arm64 | 1.0.0 | 136.00 | NOTE | |||
r-release-macos-x86_64 | 1.0.0 | 212.00 | NOTE | |||
r-release-windows-x86_64 | 1.0.0 | 41.00 | 282.00 | 323.00 | NOTE | |
r-oldrel-macos-arm64 | 1.0.0 | 151.00 | NOTE | |||
r-oldrel-macos-x86_64 | 1.0.0 | 278.00 | NOTE | |||
r-oldrel-windows-x86_64 | 1.0.0 | 58.00 | 358.00 | 416.00 | NOTE |
Version: 1.0.0
Check: package dependencies
Result: NOTE
Package suggested but not available for checking: ‘INLA’
Flavors: r-devel-linux-x86_64-debian-clang, r-devel-linux-x86_64-debian-gcc, r-patched-linux-x86_64, r-release-linux-x86_64, r-release-macos-arm64, r-release-macos-x86_64, r-oldrel-macos-arm64, r-oldrel-macos-x86_64, r-oldrel-windows-x86_64
Version: 1.0.0
Check: installed package size
Result: NOTE
installed size is 5.8Mb
sub-directories of 1Mb or more:
data 2.9Mb
doc 2.5Mb
Flavors: r-devel-linux-x86_64-fedora-clang, r-devel-windows-x86_64, r-release-macos-arm64, r-release-macos-x86_64, r-release-windows-x86_64, r-oldrel-macos-arm64, r-oldrel-macos-x86_64, r-oldrel-windows-x86_64