Last updated on 2024-08-07 00:49:29 CEST.
Flavor | Version | Tinstall | Tcheck | Ttotal | Status | Flags |
---|---|---|---|---|---|---|
r-devel-linux-x86_64-debian-clang | 3.7-0 | 63.33 | 533.82 | 597.15 | OK | |
r-devel-linux-x86_64-debian-gcc | 3.7-0 | 40.37 | 386.89 | 427.26 | OK | |
r-devel-linux-x86_64-fedora-clang | 3.7-0 | 966.16 | NOTE | |||
r-devel-linux-x86_64-fedora-gcc | 3.7-0 | 987.36 | OK | |||
r-devel-windows-x86_64 | 3.7-0 | 83.00 | 712.00 | 795.00 | NOTE | |
r-patched-linux-x86_64 | 3.7-0 | 66.81 | 508.41 | 575.22 | OK | |
r-release-linux-x86_64 | 3.7-0 | 55.82 | 514.24 | 570.06 | OK | |
r-release-macos-arm64 | 3.7-0 | 326.00 | NOTE | |||
r-release-macos-x86_64 | 3.7-0 | 755.00 | NOTE | |||
r-release-windows-x86_64 | 3.7-0 | 86.00 | 729.00 | 815.00 | NOTE | |
r-oldrel-macos-arm64 | 3.7-0 | 369.00 | NOTE | |||
r-oldrel-macos-x86_64 | 3.7-0 | 972.00 | NOTE | |||
r-oldrel-windows-x86_64 | 3.7-0 | 101.00 | 796.00 | 897.00 | NOTE |
Version: 3.7-0
Check: installed package size
Result: NOTE
installed size is 8.3Mb
sub-directories of 1Mb or more:
R 1.2Mb
data 1.9Mb
doc 4.1Mb
Flavors: r-devel-linux-x86_64-fedora-clang, r-devel-windows-x86_64, r-release-macos-arm64, r-release-macos-x86_64, r-release-windows-x86_64, r-oldrel-macos-arm64, r-oldrel-macos-x86_64, r-oldrel-windows-x86_64