Last updated on 2024-08-07 00:49:29 CEST.
Flavor | Version | Tinstall | Tcheck | Ttotal | Status | Flags |
---|---|---|---|---|---|---|
r-devel-linux-x86_64-debian-clang | 1.1.0 | 34.51 | 33.27 | 67.78 | NOTE | |
r-devel-linux-x86_64-debian-gcc | 1.1.0 | 26.98 | 25.23 | 52.21 | NOTE | |
r-devel-linux-x86_64-fedora-clang | 1.1.0 | 140.62 | NOTE | |||
r-devel-linux-x86_64-fedora-gcc | 1.1.0 | 157.71 | NOTE | |||
r-devel-windows-x86_64 | 1.1.0 | 53.00 | 79.00 | 132.00 | NOTE | |
r-patched-linux-x86_64 | 1.1.0 | 35.64 | 31.48 | 67.12 | OK | |
r-release-linux-x86_64 | 1.1.0 | 36.84 | 31.75 | 68.59 | OK | |
r-release-macos-arm64 | 1.1.0 | 61.00 | NOTE | |||
r-release-macos-x86_64 | 1.1.0 | 65.00 | NOTE | |||
r-release-windows-x86_64 | 1.1.0 | 54.00 | 80.00 | 134.00 | OK | |
r-oldrel-macos-arm64 | 1.1.0 | 49.00 | NOTE | |||
r-oldrel-macos-x86_64 | 1.1.0 | 83.00 | NOTE | |||
r-oldrel-windows-x86_64 | 1.1.0 | 64.00 | 100.00 | 164.00 | OK |
Version: 1.1.0
Check: compiled code
Result: NOTE
File ‘systemfonts/libs/systemfonts.so’:
Found non-API calls to R: ‘SETLENGTH’, ‘SET_GROWABLE_BIT’,
‘SET_TRUELENGTH’
Compiled code should not call non-API entry points in R.
See ‘Writing portable packages’ in the ‘Writing R Extensions’ manual,
and section ‘Moving into C API compliance’ for issues with the use of
non-API entry points.
Flavors: r-devel-linux-x86_64-debian-clang, r-devel-linux-x86_64-debian-gcc, r-devel-linux-x86_64-fedora-clang, r-devel-linux-x86_64-fedora-gcc
Version: 1.1.0
Check: compiled code
Result: NOTE
File 'systemfonts/libs/x64/systemfonts.dll':
Found non-API calls to R: 'SETLENGTH', 'SET_GROWABLE_BIT',
'SET_TRUELENGTH'
Compiled code should not call non-API entry points in R.
See 'Writing portable packages' in the 'Writing R Extensions' manual,
and section 'Moving into C API compliance' for issues with the use of
non-API entry points.
Flavor: r-devel-windows-x86_64
Version: 1.1.0
Check: installed package size
Result: NOTE
installed size is 22.7Mb
sub-directories of 1Mb or more:
libs 22.4Mb
Flavors: r-release-macos-arm64, r-release-macos-x86_64, r-oldrel-macos-arm64, r-oldrel-macos-x86_64