Last updated on 2024-08-07 00:49:29 CEST.
Flavor | Version | Tinstall | Tcheck | Ttotal | Status | Flags |
---|---|---|---|---|---|---|
r-devel-linux-x86_64-debian-clang | 0.9.0 | 9.74 | 144.50 | 154.24 | NOTE | |
r-devel-linux-x86_64-debian-gcc | 0.9.0 | 7.81 | 102.53 | 110.34 | NOTE | |
r-devel-linux-x86_64-fedora-clang | 0.9.0 | 243.98 | OK | |||
r-devel-linux-x86_64-fedora-gcc | 0.9.0 | 243.31 | OK | |||
r-devel-windows-x86_64 | 0.9.0 | 12.00 | 218.00 | 230.00 | NOTE | |
r-patched-linux-x86_64 | 0.9.0 | 20.20 | 137.80 | 158.00 | OK | |
r-release-linux-x86_64 | 0.9.0 | 9.12 | 136.95 | 146.07 | OK | |
r-release-macos-arm64 | 0.9.0 | 85.00 | OK | |||
r-release-macos-x86_64 | 0.9.0 | 120.00 | OK | |||
r-release-windows-x86_64 | 0.9.0 | 16.00 | 215.00 | 231.00 | OK | |
r-oldrel-macos-arm64 | 0.9.0 | 78.00 | OK | |||
r-oldrel-macos-x86_64 | 0.9.0 | 163.00 | OK | |||
r-oldrel-windows-x86_64 | 0.9.0 | 15.00 | 256.00 | 271.00 | OK |
Version: 0.9.0
Check: Rd cross-references
Result: NOTE
Found the following Rd file(s) with Rd \link{} targets missing package
anchors:
tar_quarto.Rd: tar_read, tar_load
tar_quarto_raw.Rd: tar_read, tar_load
tar_quarto_rep.Rd: tar_group, tar_read, tar_load
tar_quarto_rep_raw.Rd: tar_read, tar_load
tar_render.Rd: tar_read, tar_load
tar_render_raw.Rd: tar_read, tar_load
tar_render_rep.Rd: tar_group, tar_read, tar_load
tar_render_rep_raw.Rd: tar_read, tar_load
tar_rep.Rd: tar_group
Please provide package anchors for all Rd \link{} targets not in the
package itself and the base packages.
Flavors: r-devel-linux-x86_64-debian-clang, r-devel-linux-x86_64-debian-gcc, r-devel-windows-x86_64