Last updated on 2024-08-07 00:49:29 CEST.
Flavor | Version | Tinstall | Tcheck | Ttotal | Status | Flags |
---|---|---|---|---|---|---|
r-devel-linux-x86_64-debian-clang | 0.0-25 | 3.13 | 19.90 | 23.03 | NOTE | |
r-devel-linux-x86_64-debian-gcc | 0.0-25 | 2.53 | 15.89 | 18.42 | NOTE | |
r-devel-linux-x86_64-fedora-clang | 0.0-25 | 38.57 | NOTE | |||
r-devel-linux-x86_64-fedora-gcc | 0.0-25 | 35.72 | NOTE | |||
r-devel-windows-x86_64 | 0.0-25 | 7.00 | 45.00 | 52.00 | NOTE | |
r-patched-linux-x86_64 | 0.0-25 | 3.29 | 19.06 | 22.35 | OK | |
r-release-linux-x86_64 | 0.0-25 | 3.31 | 19.17 | 22.48 | OK | |
r-release-macos-arm64 | 0.0-25 | 17.00 | OK | |||
r-release-macos-x86_64 | 0.0-25 | 24.00 | OK | |||
r-release-windows-x86_64 | 0.0-25 | 11.00 | 44.00 | 55.00 | OK | |
r-oldrel-macos-arm64 | 0.0-25 | 23.00 | OK | |||
r-oldrel-macos-x86_64 | 0.0-25 | 43.00 | OK | |||
r-oldrel-windows-x86_64 | 0.0-25 | 8.00 | 47.00 | 55.00 | OK |
Version: 0.0-25
Check: compiled code
Result: NOTE
File ‘tau/libs/tau.so’:
Found non-API call to R: ‘SET_S4_OBJECT’
Compiled code should not call non-API entry points in R.
See ‘Writing portable packages’ in the ‘Writing R Extensions’ manual,
and section ‘Moving into C API compliance’ for issues with the use of
non-API entry points.
Flavors: r-devel-linux-x86_64-debian-clang, r-devel-linux-x86_64-debian-gcc, r-devel-linux-x86_64-fedora-clang, r-devel-linux-x86_64-fedora-gcc
Version: 0.0-25
Check: compiled code
Result: NOTE
File 'tau/libs/x64/tau.dll':
Found non-API call to R: 'SET_S4_OBJECT'
Compiled code should not call non-API entry points in R.
See 'Writing portable packages' in the 'Writing R Extensions' manual,
and section 'Moving into C API compliance' for issues with the use of
non-API entry points.
Flavor: r-devel-windows-x86_64