Last updated on 2024-08-07 00:49:29 CEST.
Flavor | Version | Tinstall | Tcheck | Ttotal | Status | Flags |
---|---|---|---|---|---|---|
r-devel-linux-x86_64-debian-clang | 0.3.0 | 96.52 | 37.78 | 134.30 | OK | |
r-devel-linux-x86_64-debian-gcc | 0.3.0 | 66.36 | 29.36 | 95.72 | OK | |
r-devel-linux-x86_64-fedora-clang | 0.3.0 | 256.61 | OK | |||
r-devel-linux-x86_64-fedora-gcc | 0.3.0 | 303.62 | OK | |||
r-devel-windows-x86_64 | 0.3.0 | 102.00 | 85.00 | 187.00 | OK | |
r-patched-linux-x86_64 | 0.3.0 | 89.68 | 37.17 | 126.85 | OK | |
r-release-linux-x86_64 | 0.3.0 | 95.08 | 37.17 | 132.25 | OK | |
r-release-macos-arm64 | 0.3.0 | 57.00 | NOTE | |||
r-release-macos-x86_64 | 0.3.0 | 65.00 | NOTE | |||
r-release-windows-x86_64 | 0.3.0 | 102.00 | 86.00 | 188.00 | OK | |
r-oldrel-macos-arm64 | 0.3.0 | 67.00 | NOTE | |||
r-oldrel-macos-x86_64 | 0.3.0 | 121.00 | NOTE | |||
r-oldrel-windows-x86_64 | 0.3.0 | 94.00 | 95.00 | 189.00 | OK |
Version: 0.3.0
Check: installed package size
Result: NOTE
installed size is 6.8Mb
sub-directories of 1Mb or more:
libs 6.5Mb
Flavors: r-release-macos-arm64, r-release-macos-x86_64, r-oldrel-macos-arm64, r-oldrel-macos-x86_64