Last updated on 2024-08-07 00:49:29 CEST.
Flavor | Version | Tinstall | Tcheck | Ttotal | Status | Flags |
---|---|---|---|---|---|---|
r-devel-linux-x86_64-debian-clang | 1.1.1 | 137.13 | 35.82 | 172.95 | OK | |
r-devel-linux-x86_64-debian-gcc | 1.1.1 | 100.46 | 34.81 | 135.27 | OK | |
r-devel-linux-x86_64-fedora-clang | 1.1.1 | 328.90 | OK | |||
r-devel-linux-x86_64-fedora-gcc | 1.1.1 | 417.45 | OK | |||
r-devel-windows-x86_64 | 1.1.1 | 141.00 | 86.00 | 227.00 | OK | |
r-patched-linux-x86_64 | 1.1.1 | 124.83 | 43.60 | 168.43 | OK | |
r-release-linux-x86_64 | 1.1.1 | 134.98 | 43.93 | 178.91 | OK | |
r-release-macos-arm64 | 1.1.1 | 106.00 | NOTE | |||
r-release-macos-x86_64 | 1.1.1 | 81.00 | NOTE | |||
r-release-windows-x86_64 | 1.1.1 | 140.00 | 83.00 | 223.00 | OK | |
r-oldrel-macos-arm64 | 1.1.1 | 97.00 | NOTE | |||
r-oldrel-macos-x86_64 | 1.1.1 | 147.00 | NOTE | |||
r-oldrel-windows-x86_64 | 1.1.1 | 166.00 | 95.00 | 261.00 | OK |
Version: 1.1.1
Check: installed package size
Result: NOTE
installed size is 14.9Mb
sub-directories of 1Mb or more:
libs 14.8Mb
Flavors: r-release-macos-arm64, r-release-macos-x86_64, r-oldrel-macos-arm64, r-oldrel-macos-x86_64