Last updated on 2024-08-07 00:49:30 CEST.
Flavor | Version | Tinstall | Tcheck | Ttotal | Status | Flags |
---|---|---|---|---|---|---|
r-devel-linux-x86_64-debian-clang | 1.6.1 | 9.54 | 134.06 | 143.60 | OK | |
r-devel-linux-x86_64-debian-gcc | 1.6.1 | 6.41 | 101.96 | 108.37 | OK | |
r-devel-linux-x86_64-fedora-clang | 1.6.1 | 242.01 | NOTE | |||
r-devel-linux-x86_64-fedora-gcc | 1.6.1 | 251.73 | OK | |||
r-devel-windows-x86_64 | 1.6.1 | 13.00 | 150.00 | 163.00 | NOTE | |
r-patched-linux-x86_64 | 1.6.1 | 9.22 | 134.49 | 143.71 | OK | |
r-release-linux-x86_64 | 1.6.1 | 9.28 | 135.69 | 144.97 | OK | |
r-release-macos-arm64 | 1.6.1 | 73.00 | NOTE | |||
r-release-macos-x86_64 | 1.6.1 | 112.00 | NOTE | |||
r-release-windows-x86_64 | 1.6.1 | 13.00 | 151.00 | 164.00 | NOTE | |
r-oldrel-macos-arm64 | 1.6.1 | 91.00 | NOTE | |||
r-oldrel-macos-x86_64 | 1.6.1 | 156.00 | NOTE | |||
r-oldrel-windows-x86_64 | 1.6.1 | 16.00 | 172.00 | 188.00 | NOTE |
Version: 1.6.1
Check: installed package size
Result: NOTE
installed size is 6.9Mb
sub-directories of 1Mb or more:
doc 2.0Mb
extdata 4.5Mb
Flavors: r-devel-linux-x86_64-fedora-clang, r-devel-windows-x86_64, r-release-macos-arm64, r-release-macos-x86_64, r-release-windows-x86_64, r-oldrel-macos-arm64, r-oldrel-macos-x86_64, r-oldrel-windows-x86_64