Last updated on 2024-08-07 00:49:30 CEST.
Flavor | Version | Tinstall | Tcheck | Ttotal | Status | Flags |
---|---|---|---|---|---|---|
r-devel-linux-x86_64-debian-clang | 0.1.1 | 1.97 | 53.45 | 55.42 | OK | |
r-devel-linux-x86_64-debian-gcc | 0.1.1 | 1.81 | 35.02 | 36.83 | OK | |
r-devel-linux-x86_64-fedora-clang | 0.1.1 | 89.08 | NOTE | |||
r-devel-linux-x86_64-fedora-gcc | 0.1.1 | 94.97 | OK | |||
r-devel-windows-x86_64 | 0.1.1 | 3.00 | 73.00 | 76.00 | OK | |
r-patched-linux-x86_64 | 0.1.1 | 2.14 | 51.01 | 53.15 | OK | |
r-release-linux-x86_64 | 0.1.1 | 2.18 | 50.80 | 52.98 | OK | |
r-release-macos-arm64 | 0.1.1 | 32.00 | OK | |||
r-release-macos-x86_64 | 0.1.1 | 61.00 | OK | |||
r-release-windows-x86_64 | 0.1.1 | 5.00 | 75.00 | 80.00 | OK | |
r-oldrel-macos-arm64 | 0.1.1 | 31.00 | OK | |||
r-oldrel-macos-x86_64 | 0.1.1 | 79.00 | OK | |||
r-oldrel-windows-x86_64 | 0.1.1 | 3.00 | 81.00 | 84.00 | OK |
Version: 0.1.1
Check: Rd cross-references
Result: NOTE
Undeclared package ‘pkgdown’ in Rd xrefs
Flavor: r-devel-linux-x86_64-fedora-clang