Last updated on 2024-08-07 00:49:30 CEST.
Flavor | Version | Tinstall | Tcheck | Ttotal | Status | Flags |
---|---|---|---|---|---|---|
r-devel-linux-x86_64-debian-clang | 0.2-13 | 3.70 | 23.30 | 27.00 | OK | |
r-devel-linux-x86_64-debian-gcc | 0.2-13 | 2.62 | 18.11 | 20.73 | OK | |
r-devel-linux-x86_64-fedora-clang | 0.2-13 | 45.59 | NOTE | |||
r-devel-linux-x86_64-fedora-gcc | 0.2-13 | 41.08 | NOTE | |||
r-devel-windows-x86_64 | 0.2-13 | 8.00 | 51.00 | 59.00 | OK | |
r-patched-linux-x86_64 | 0.2-13 | 3.59 | 22.24 | 25.83 | OK | |
r-release-linux-x86_64 | 0.2-13 | 3.11 | 22.85 | 25.96 | OK | |
r-release-macos-arm64 | 0.2-13 | 20.00 | OK | |||
r-release-macos-x86_64 | 0.2-13 | 29.00 | OK | |||
r-release-windows-x86_64 | 0.2-13 | 9.00 | 51.00 | 60.00 | OK | |
r-oldrel-macos-arm64 | 0.2-13 | 21.00 | OK | |||
r-oldrel-macos-x86_64 | 0.2-13 | 29.00 | OK | |||
r-oldrel-windows-x86_64 | 0.2-13 | 10.00 | 54.00 | 64.00 | OK |
Version: 0.2-13
Check: data for non-ASCII characters
Result: NOTE
Note: found 134043 marked UTF-8 strings
Flavors: r-devel-linux-x86_64-fedora-clang, r-devel-linux-x86_64-fedora-gcc