Last updated on 2024-08-07 00:49:30 CEST.
Flavor | Version | Tinstall | Tcheck | Ttotal | Status | Flags |
---|---|---|---|---|---|---|
r-devel-linux-x86_64-debian-clang | 0.3.0 | 16.24 | 37.76 | 54.00 | OK | |
r-devel-linux-x86_64-debian-gcc | 0.3.0 | 12.17 | 29.17 | 41.34 | OK | |
r-devel-linux-x86_64-fedora-clang | 0.3.0 | 94.86 | NOTE | |||
r-devel-linux-x86_64-fedora-gcc | 0.3.0 | 113.48 | NOTE | |||
r-devel-windows-x86_64 | 0.3.0 | 20.00 | 77.00 | 97.00 | OK | |
r-patched-linux-x86_64 | 0.3.0 | 15.80 | 36.39 | 52.19 | OK | |
r-release-linux-x86_64 | 0.3.0 | 15.19 | 37.17 | 52.36 | OK | |
r-release-macos-arm64 | 0.3.0 | 37.00 | OK | |||
r-release-macos-x86_64 | 0.3.0 | 59.00 | OK | |||
r-release-windows-x86_64 | 0.3.0 | 21.00 | 78.00 | 99.00 | OK | |
r-oldrel-macos-arm64 | 0.3.0 | 41.00 | OK | |||
r-oldrel-macos-x86_64 | 0.3.0 | 61.00 | OK | |||
r-oldrel-windows-x86_64 | 0.3.0 | 21.00 | 84.00 | 105.00 | OK |
Version: 0.3.0
Check: data for non-ASCII characters
Result: NOTE
Note: found 1 marked UTF-8 string
Flavors: r-devel-linux-x86_64-fedora-clang, r-devel-linux-x86_64-fedora-gcc