Last updated on 2024-08-07 00:49:30 CEST.
Flavor | Version | Tinstall | Tcheck | Ttotal | Status | Flags |
---|---|---|---|---|---|---|
r-devel-linux-x86_64-debian-clang | 0.1-6 | 19.98 | 35.04 | 55.02 | NOTE | |
r-devel-linux-x86_64-debian-gcc | 0.1-6 | 15.36 | 28.55 | 43.91 | NOTE | |
r-devel-linux-x86_64-fedora-clang | 0.1-6 | 94.98 | NOTE | |||
r-devel-linux-x86_64-fedora-gcc | 0.1-6 | 99.41 | NOTE | |||
r-devel-windows-x86_64 | 0.1-6 | 22.00 | 77.00 | 99.00 | NOTE | |
r-patched-linux-x86_64 | 0.1-6 | 20.39 | 34.10 | 54.49 | NOTE | |
r-release-linux-x86_64 | 0.1-6 | 20.42 | 34.34 | 54.76 | NOTE | |
r-release-macos-arm64 | 0.1-6 | 34.00 | NOTE | |||
r-release-macos-x86_64 | 0.1-6 | 42.00 | NOTE | |||
r-release-windows-x86_64 | 0.1-6 | 22.00 | 76.00 | 98.00 | NOTE | |
r-oldrel-macos-arm64 | 0.1-6 | 36.00 | NOTE | |||
r-oldrel-macos-x86_64 | 0.1-6 | 54.00 | NOTE | |||
r-oldrel-windows-x86_64 | 0.1-6 | 21.00 | 87.00 | 108.00 | NOTE |
Version: 0.1-6
Check: C++ specification
Result: NOTE
Specified C++11: please drop specification unless essential
Flavors: r-devel-linux-x86_64-debian-clang, r-devel-linux-x86_64-debian-gcc, r-devel-linux-x86_64-fedora-clang, r-devel-linux-x86_64-fedora-gcc, r-devel-windows-x86_64, r-patched-linux-x86_64, r-release-linux-x86_64, r-release-macos-arm64, r-release-macos-x86_64, r-release-windows-x86_64, r-oldrel-macos-arm64, r-oldrel-macos-x86_64, r-oldrel-windows-x86_64