Last updated on 2024-08-07 00:49:30 CEST.
Flavor | Version | Tinstall | Tcheck | Ttotal | Status | Flags |
---|---|---|---|---|---|---|
r-devel-linux-x86_64-debian-clang | 0.1.5 | 15.66 | 44.47 | 60.13 | NOTE | |
r-devel-linux-x86_64-debian-gcc | 0.1.5 | 10.64 | 34.17 | 44.81 | NOTE | |
r-devel-linux-x86_64-fedora-clang | 0.1.5 | 101.61 | NOTE | |||
r-devel-linux-x86_64-fedora-gcc | 0.1.5 | 102.29 | NOTE | |||
r-devel-windows-x86_64 | 0.1.5 | 20.00 | 67.00 | 87.00 | NOTE | |
r-patched-linux-x86_64 | 0.1.5 | 14.28 | 42.73 | 57.01 | OK | |
r-release-linux-x86_64 | 0.1.5 | 13.91 | 43.11 | 57.02 | OK | |
r-release-macos-arm64 | 0.1.5 | 28.00 | OK | |||
r-release-macos-x86_64 | 0.1.5 | 41.00 | OK | |||
r-release-windows-x86_64 | 0.1.5 | 21.00 | 65.00 | 86.00 | OK | |
r-oldrel-macos-arm64 | 0.1.5 | 41.00 | OK | |||
r-oldrel-macos-x86_64 | 0.1.5 | 64.00 | OK | |||
r-oldrel-windows-x86_64 | 0.1.5 | 24.00 | 73.00 | 97.00 | OK |
Version: 0.1.5
Check: compiled code
Result: NOTE
File ‘transformr/libs/transformr.so’:
Found non-API calls to R: ‘SETLENGTH’, ‘SET_GROWABLE_BIT’,
‘SET_TRUELENGTH’
Compiled code should not call non-API entry points in R.
See ‘Writing portable packages’ in the ‘Writing R Extensions’ manual,
and section ‘Moving into C API compliance’ for issues with the use of
non-API entry points.
Flavors: r-devel-linux-x86_64-debian-clang, r-devel-linux-x86_64-debian-gcc, r-devel-linux-x86_64-fedora-clang, r-devel-linux-x86_64-fedora-gcc
Version: 0.1.5
Check: compiled code
Result: NOTE
File 'transformr/libs/x64/transformr.dll':
Found non-API calls to R: 'SETLENGTH', 'SET_GROWABLE_BIT',
'SET_TRUELENGTH'
Compiled code should not call non-API entry points in R.
See 'Writing portable packages' in the 'Writing R Extensions' manual,
and section 'Moving into C API compliance' for issues with the use of
non-API entry points.
Flavor: r-devel-windows-x86_64