Last updated on 2024-08-08 08:49:32 CEST.
Flavor | Version | Tinstall | Tcheck | Ttotal | Status | Flags |
---|---|---|---|---|---|---|
r-devel-linux-x86_64-debian-clang | 0.1.0 | 32.37 | 30.18 | 62.55 | OK | |
r-devel-linux-x86_64-debian-gcc | 0.1.0 | 21.42 | 23.15 | 44.57 | OK | |
r-devel-linux-x86_64-fedora-clang | 0.1.0 | 115.78 | OK | |||
r-devel-linux-x86_64-fedora-gcc | 0.1.0 | 121.44 | OK | |||
r-devel-windows-x86_64 | 0.1.0 | 35.00 | 67.00 | 102.00 | OK | |
r-patched-linux-x86_64 | 0.1.0 | 27.72 | 30.73 | 58.45 | OK | |
r-release-linux-x86_64 | 0.1.0 | 27.34 | 30.26 | 57.60 | OK | |
r-release-macos-arm64 | 0.1.0 | 34.00 | NOTE | |||
r-release-macos-x86_64 | 0.1.0 | 41.00 | NOTE | |||
r-release-windows-x86_64 | 0.1.0 | 36.00 | 71.00 | 107.00 | OK | |
r-oldrel-macos-arm64 | 0.1.0 | 39.00 | NOTE | |||
r-oldrel-macos-x86_64 | 0.1.0 | 57.00 | NOTE | |||
r-oldrel-windows-x86_64 | 0.1.0 | 42.00 | 78.00 | 120.00 | OK |
Version: 0.1.0
Check: installed package size
Result: NOTE
installed size is 7.9Mb
sub-directories of 1Mb or more:
libs 7.8Mb
Flavors: r-release-macos-arm64, r-release-macos-x86_64, r-oldrel-macos-arm64, r-oldrel-macos-x86_64