Last updated on 2024-08-07 00:49:30 CEST.
Flavor | Version | Tinstall | Tcheck | Ttotal | Status | Flags |
---|---|---|---|---|---|---|
r-devel-linux-x86_64-debian-clang | 1.2.1 | 6.90 | 29.04 | 35.94 | NOTE | |
r-devel-linux-x86_64-debian-gcc | 1.2.1 | 3.92 | 22.02 | 25.94 | NOTE | |
r-devel-linux-x86_64-fedora-clang | 1.2.1 | 59.57 | NOTE | |||
r-devel-linux-x86_64-fedora-gcc | 1.2.1 | 58.34 | NOTE | |||
r-devel-windows-x86_64 | 1.2.1 | 10.00 | 54.00 | 64.00 | NOTE | |
r-patched-linux-x86_64 | 1.2.1 | 5.78 | 27.55 | 33.33 | NOTE | |
r-release-linux-x86_64 | 1.2.1 | 5.60 | 27.59 | 33.19 | NOTE | |
r-release-macos-arm64 | 1.2.1 | 23.00 | NOTE | |||
r-release-macos-x86_64 | 1.2.1 | 31.00 | NOTE | |||
r-release-windows-x86_64 | 1.2.1 | 10.00 | 54.00 | 64.00 | NOTE | |
r-oldrel-macos-arm64 | 1.2.1 | 24.00 | NOTE | |||
r-oldrel-macos-x86_64 | 1.2.1 | 33.00 | NOTE | |||
r-oldrel-windows-x86_64 | 1.2.1 | 11.00 | 59.00 | 70.00 | NOTE |
Version: 1.2.1
Check: C++ specification
Result: NOTE
Specified C++11: please drop specification unless essential
Flavors: r-devel-linux-x86_64-debian-clang, r-devel-linux-x86_64-debian-gcc, r-devel-linux-x86_64-fedora-clang, r-devel-linux-x86_64-fedora-gcc, r-devel-windows-x86_64, r-patched-linux-x86_64, r-release-linux-x86_64, r-release-macos-arm64, r-release-macos-x86_64, r-release-windows-x86_64, r-oldrel-macos-arm64, r-oldrel-macos-x86_64, r-oldrel-windows-x86_64
Version: 1.2.1
Check: compiled code
Result: NOTE
File ‘triangulr/libs/triangulr.so’:
Found non-API calls to R: ‘SETLENGTH’, ‘SET_GROWABLE_BIT’,
‘SET_TRUELENGTH’
Compiled code should not call non-API entry points in R.
See ‘Writing portable packages’ in the ‘Writing R Extensions’ manual,
and section ‘Moving into C API compliance’ for issues with the use of
non-API entry points.
Flavors: r-devel-linux-x86_64-debian-clang, r-devel-linux-x86_64-debian-gcc, r-devel-linux-x86_64-fedora-clang, r-devel-linux-x86_64-fedora-gcc
Version: 1.2.1
Check: compiled code
Result: NOTE
File 'triangulr/libs/x64/triangulr.dll':
Found non-API calls to R: 'SETLENGTH', 'SET_GROWABLE_BIT',
'SET_TRUELENGTH'
Compiled code should not call non-API entry points in R.
See 'Writing portable packages' in the 'Writing R Extensions' manual,
and section 'Moving into C API compliance' for issues with the use of
non-API entry points.
Flavor: r-devel-windows-x86_64