Last updated on 2024-08-07 00:49:30 CEST.
Flavor | Version | Tinstall | Tcheck | Ttotal | Status | Flags |
---|---|---|---|---|---|---|
r-devel-linux-x86_64-debian-clang | 1.3.1 | 2.10 | 32.92 | 35.02 | NOTE | |
r-devel-linux-x86_64-debian-gcc | 1.3.1 | 1.63 | 25.33 | 26.96 | NOTE | |
r-devel-linux-x86_64-fedora-clang | 1.3.1 | 57.90 | NOTE | |||
r-devel-linux-x86_64-fedora-gcc | 1.3.1 | 87.57 | NOTE | |||
r-devel-windows-x86_64 | 1.3.1 | 4.00 | 58.00 | 62.00 | NOTE | |
r-patched-linux-x86_64 | 1.3.1 | 2.40 | 31.73 | 34.13 | NOTE | |
r-release-linux-x86_64 | 1.3.1 | 2.13 | 32.40 | 34.53 | NOTE | |
r-release-macos-arm64 | 1.3.1 | 36.00 | NOTE | |||
r-release-macos-x86_64 | 1.3.1 | 70.00 | NOTE | |||
r-release-windows-x86_64 | 1.3.1 | 5.00 | 59.00 | 64.00 | NOTE | |
r-oldrel-macos-arm64 | 1.3.1 | 34.00 | NOTE | |||
r-oldrel-macos-x86_64 | 1.3.1 | 50.00 | NOTE | |||
r-oldrel-windows-x86_64 | 1.3.1 | 5.00 | 62.00 | 67.00 | NOTE |
Version: 1.3.1
Check: dependencies in R code
Result: NOTE
There are ::: calls to the package's namespace in its code. A package
almost never needs to use ::: for its own objects:
‘log2console’
Flavors: r-devel-linux-x86_64-debian-clang, r-devel-linux-x86_64-debian-gcc, r-devel-linux-x86_64-fedora-clang, r-devel-linux-x86_64-fedora-gcc, r-devel-windows-x86_64, r-patched-linux-x86_64, r-release-linux-x86_64, r-release-macos-arm64, r-release-macos-x86_64, r-release-windows-x86_64, r-oldrel-macos-arm64, r-oldrel-macos-x86_64, r-oldrel-windows-x86_64