Last updated on 2024-08-07 00:49:30 CEST.
Flavor | Version | Tinstall | Tcheck | Ttotal | Status | Flags |
---|---|---|---|---|---|---|
r-devel-linux-x86_64-debian-clang | 0.1-13.1 | 4.14 | 23.32 | 27.46 | OK | |
r-devel-linux-x86_64-debian-gcc | 0.1-13.1 | 2.93 | 19.13 | 22.06 | OK | |
r-devel-linux-x86_64-fedora-clang | 0.1-13.1 | 44.39 | NOTE | |||
r-devel-linux-x86_64-fedora-gcc | 0.1-13.1 | 43.14 | NOTE | |||
r-devel-windows-x86_64 | 0.1-13.1 | 9.00 | 49.00 | 58.00 | OK | |
r-patched-linux-x86_64 | 0.1-13.1 | 4.12 | 22.44 | 26.56 | OK | |
r-release-linux-x86_64 | 0.1-13.1 | 3.58 | 22.67 | 26.25 | OK | |
r-release-macos-arm64 | 0.1-13.1 | 20.00 | OK | |||
r-release-macos-x86_64 | 0.1-13.1 | 26.00 | OK | |||
r-release-windows-x86_64 | 0.1-13.1 | 9.00 | 49.00 | 58.00 | OK | |
r-oldrel-macos-arm64 | 0.1-13.1 | 30.00 | OK | |||
r-oldrel-macos-x86_64 | 0.1-13.1 | 27.00 | OK | |||
r-oldrel-windows-x86_64 | 0.1-13.1 | 10.00 | 43.00 | 53.00 | OK |
Version: 0.1-13.1
Check: compiled code
Result: NOTE
File ‘tseriesChaos/libs/tseriesChaos.so’:
Found no calls to: ‘R_registerRoutines’, ‘R_useDynamicSymbols’
It is good practice to register native routines and to disable symbol
search.
See ‘Writing portable packages’ in the ‘Writing R Extensions’ manual.
Flavors: r-devel-linux-x86_64-fedora-clang, r-devel-linux-x86_64-fedora-gcc