Last updated on 2024-08-07 00:49:30 CEST.
Flavor | Version | Tinstall | Tcheck | Ttotal | Status | Flags |
---|---|---|---|---|---|---|
r-devel-linux-x86_64-debian-clang | 1.0 | 8.43 | 423.77 | 432.20 | NOTE | |
r-devel-linux-x86_64-debian-gcc | 1.0 | 6.76 | 560.32 | 567.08 | NOTE | |
r-devel-linux-x86_64-fedora-clang | 1.0 | 768.50 | NOTE | |||
r-devel-linux-x86_64-fedora-gcc | 1.0 | 1085.44 | OK | |||
r-devel-windows-x86_64 | 1.0 | 11.00 | 296.00 | 307.00 | NOTE | |
r-patched-linux-x86_64 | 1.0 | 12.57 | 824.22 | 836.79 | OK | |
r-release-linux-x86_64 | 1.0 | 8.48 | 853.81 | 862.29 | OK | |
r-release-macos-arm64 | 1.0 | 279.00 | OK | |||
r-release-macos-x86_64 | 1.0 | 408.00 | OK | |||
r-release-windows-x86_64 | 1.0 | 10.00 | 298.00 | 308.00 | OK | |
r-oldrel-macos-arm64 | 1.0 | 334.00 | OK | |||
r-oldrel-macos-x86_64 | 1.0 | 519.00 | NOTE | |||
r-oldrel-windows-x86_64 | 1.0 | 14.00 | 366.00 | 380.00 | OK |
Version: 1.0
Check: Rd cross-references
Result: NOTE
Found the following Rd file(s) with Rd \link{} targets missing package
anchors:
plot.ps.xgb.Rd: ggplot
ps.xgb.Rd: xgboost
Please provide package anchors for all Rd \link{} targets not in the
package itself and the base packages.
Flavors: r-devel-linux-x86_64-debian-clang, r-devel-linux-x86_64-debian-gcc, r-devel-windows-x86_64
Version: 1.0
Check: Rd cross-references
Result: NOTE
Undeclared package ‘twang’ in Rd xrefs
Flavor: r-devel-linux-x86_64-fedora-clang
Version: 1.0
Check: Rd cross-references
Result: NOTE
Package unavailable to check Rd xrefs: ‘twang’
Flavor: r-oldrel-macos-x86_64