Last updated on 2024-08-07 00:49:30 CEST.
Flavor | Version | Tinstall | Tcheck | Ttotal | Status | Flags |
---|---|---|---|---|---|---|
r-devel-linux-x86_64-debian-clang | 0.1.1 | 8.39 | 66.74 | 75.13 | NOTE | |
r-devel-linux-x86_64-debian-gcc | 0.1.1 | 5.84 | 45.80 | 51.64 | NOTE | |
r-devel-linux-x86_64-fedora-clang | 0.1.1 | 117.68 | NOTE | |||
r-devel-linux-x86_64-fedora-gcc | 0.1.1 | 122.05 | NOTE | |||
r-devel-windows-x86_64 | 0.1.1 | 9.00 | 77.00 | 86.00 | NOTE | |
r-patched-linux-x86_64 | 0.1.1 | 6.46 | 61.94 | 68.40 | NOTE | |
r-release-linux-x86_64 | 0.1.1 | 8.61 | 62.98 | 71.59 | NOTE | |
r-release-macos-arm64 | 0.1.1 | 33.00 | NOTE | |||
r-release-macos-x86_64 | 0.1.1 | 53.00 | NOTE | |||
r-release-windows-x86_64 | 0.1.1 | 10.00 | 80.00 | 90.00 | NOTE | |
r-oldrel-macos-arm64 | 0.1.1 | 37.00 | NOTE | |||
r-oldrel-macos-x86_64 | 0.1.1 | 60.00 | NOTE | |||
r-oldrel-windows-x86_64 | 0.1.1 | 12.00 | 93.00 | 105.00 | NOTE |
Version: 0.1.1
Check: LazyData
Result: NOTE
'LazyData' is specified without a 'data' directory
Flavors: r-devel-linux-x86_64-debian-clang, r-devel-linux-x86_64-debian-gcc, r-devel-linux-x86_64-fedora-clang, r-devel-linux-x86_64-fedora-gcc, r-devel-windows-x86_64, r-patched-linux-x86_64, r-release-linux-x86_64, r-release-macos-arm64, r-release-macos-x86_64, r-release-windows-x86_64, r-oldrel-macos-arm64, r-oldrel-macos-x86_64, r-oldrel-windows-x86_64