Last updated on 2024-08-07 00:49:30 CEST.
Flavor | Version | Tinstall | Tcheck | Ttotal | Status | Flags |
---|---|---|---|---|---|---|
r-devel-linux-x86_64-debian-clang | 1.0.1 | 1.62 | 18.08 | 19.70 | OK | |
r-devel-linux-x86_64-debian-gcc | 1.0.1 | 1.38 | 13.94 | 15.32 | OK | |
r-devel-linux-x86_64-fedora-clang | 1.0.1 | 30.69 | NOTE | |||
r-devel-linux-x86_64-fedora-gcc | 1.0.1 | 30.60 | NOTE | |||
r-devel-windows-x86_64 | 1.0.1 | 4.00 | 40.00 | 44.00 | OK | |
r-patched-linux-x86_64 | 1.0.1 | 1.31 | 17.02 | 18.33 | OK | |
r-release-linux-x86_64 | 1.0.1 | 1.69 | 17.04 | 18.73 | OK | |
r-release-macos-arm64 | 1.0.1 | 15.00 | OK | |||
r-release-macos-x86_64 | 1.0.1 | 21.00 | OK | |||
r-release-windows-x86_64 | 1.0.1 | 5.00 | 39.00 | 44.00 | OK | |
r-oldrel-macos-arm64 | 1.0.1 | 16.00 | OK | |||
r-oldrel-macos-x86_64 | 1.0.1 | 20.00 | OK | |||
r-oldrel-windows-x86_64 | 1.0.1 | 3.00 | 38.00 | 41.00 | OK |
Version: 1.0.1
Check: data for non-ASCII characters
Result: NOTE
Note: found 2 marked UTF-8 strings
Flavors: r-devel-linux-x86_64-fedora-clang, r-devel-linux-x86_64-fedora-gcc