Last updated on 2024-08-07 00:49:30 CEST.
Flavor | Version | Tinstall | Tcheck | Ttotal | Status | Flags |
---|---|---|---|---|---|---|
r-devel-linux-x86_64-debian-clang | 0.3.1 | 5.02 | 45.73 | 50.75 | OK | |
r-devel-linux-x86_64-debian-gcc | 0.3.1 | 3.60 | 33.69 | 37.29 | OK | |
r-devel-linux-x86_64-fedora-clang | 0.3.1 | 79.91 | NOTE | |||
r-devel-linux-x86_64-fedora-gcc | 0.3.1 | 79.49 | NOTE | |||
r-devel-windows-x86_64 | 0.3.1 | 7.00 | 72.00 | 79.00 | OK | |
r-patched-linux-x86_64 | 0.3.1 | 5.58 | 44.11 | 49.69 | OK | |
r-release-linux-x86_64 | 0.3.1 | 4.73 | 44.16 | 48.89 | OK | |
r-release-macos-arm64 | 0.3.1 | 26.00 | OK | |||
r-release-macos-x86_64 | 0.3.1 | 52.00 | OK | |||
r-release-windows-x86_64 | 0.3.1 | 7.00 | 71.00 | 78.00 | OK | |
r-oldrel-macos-arm64 | 0.3.1 | 33.00 | OK | |||
r-oldrel-macos-x86_64 | 0.3.1 | 58.00 | OK | |||
r-oldrel-windows-x86_64 | 0.3.1 | 10.00 | 82.00 | 92.00 | OK |
Version: 0.3.1
Check: data for non-ASCII characters
Result: NOTE
Note: found 9 marked UTF-8 strings
Flavors: r-devel-linux-x86_64-fedora-clang, r-devel-linux-x86_64-fedora-gcc