Last updated on 2024-08-07 00:49:30 CEST.
Flavor | Version | Tinstall | Tcheck | Ttotal | Status | Flags |
---|---|---|---|---|---|---|
r-devel-linux-x86_64-debian-clang | 0.5.0 | 4.63 | 41.29 | 45.92 | OK | |
r-devel-linux-x86_64-debian-gcc | 0.5.0 | 3.02 | 29.44 | 32.46 | OK | |
r-devel-linux-x86_64-fedora-clang | 0.5.0 | 73.08 | NOTE | |||
r-devel-linux-x86_64-fedora-gcc | 0.5.0 | 72.91 | OK | |||
r-devel-windows-x86_64 | 0.5.0 | 6.00 | 64.00 | 70.00 | OK | |
r-patched-linux-x86_64 | 0.5.0 | 4.48 | 39.03 | 43.51 | OK | |
r-release-linux-x86_64 | 0.5.0 | 3.71 | 39.46 | 43.17 | OK | |
r-release-macos-arm64 | 0.5.0 | 24.00 | OK | |||
r-release-macos-x86_64 | 0.5.0 | 36.00 | OK | |||
r-release-windows-x86_64 | 0.5.0 | 7.00 | 64.00 | 71.00 | OK | |
r-oldrel-macos-arm64 | 0.5.0 | 29.00 | OK | |||
r-oldrel-macos-x86_64 | 0.5.0 | 66.00 | OK | |||
r-oldrel-windows-x86_64 | 0.5.0 | 7.00 | 71.00 | 78.00 | OK |
Version: 0.5.0
Check: Rd cross-references
Result: NOTE
Undeclared package ‘pROC’ in Rd xrefs
Flavor: r-devel-linux-x86_64-fedora-clang