Last updated on 2024-08-07 00:49:30 CEST.
Flavor | Version | Tinstall | Tcheck | Ttotal | Status | Flags |
---|---|---|---|---|---|---|
r-devel-linux-x86_64-debian-clang | 0.7.1 | 2.97 | 89.47 | 92.44 | OK | |
r-devel-linux-x86_64-debian-gcc | 0.7.1 | 2.15 | 66.52 | 68.67 | OK | |
r-devel-linux-x86_64-fedora-clang | 0.7.1 | 146.26 | NOTE | |||
r-devel-linux-x86_64-fedora-gcc | 0.7.1 | 164.05 | NOTE | |||
r-devel-windows-x86_64 | 0.7.1 | 5.00 | 106.00 | 111.00 | OK | |
r-patched-linux-x86_64 | 0.7.1 | 3.26 | 86.12 | 89.38 | OK | |
r-release-linux-x86_64 | 0.7.1 | 3.00 | 86.65 | 89.65 | OK | |
r-release-macos-arm64 | 0.7.1 | 52.00 | OK | |||
r-release-macos-x86_64 | 0.7.1 | 77.00 | OK | |||
r-release-windows-x86_64 | 0.7.1 | 5.00 | 107.00 | 112.00 | OK | |
r-oldrel-macos-arm64 | 0.7.1 | 54.00 | OK | |||
r-oldrel-macos-x86_64 | 0.7.1 | 121.00 | OK | |||
r-oldrel-windows-x86_64 | 0.7.1 | 6.00 | 121.00 | 127.00 | OK |
Version: 0.7.1
Check: data for non-ASCII characters
Result: NOTE
Note: found 17 marked UTF-8 strings
Flavors: r-devel-linux-x86_64-fedora-clang, r-devel-linux-x86_64-fedora-gcc