Last updated on 2024-08-08 08:49:33 CEST.
Flavor | Version | Tinstall | Tcheck | Ttotal | Status | Flags |
---|---|---|---|---|---|---|
r-devel-linux-x86_64-debian-clang | 0.7-8 | 2.76 | 34.63 | 37.39 | NOTE | |
r-devel-linux-x86_64-debian-gcc | 0.7-8 | 1.94 | 29.39 | 31.33 | NOTE | |
r-devel-linux-x86_64-fedora-clang | 0.7-8 | 58.24 | NOTE | |||
r-devel-linux-x86_64-fedora-gcc | 0.7-8 | 56.85 | NOTE | |||
r-devel-windows-x86_64 | 0.7-8 | 4.00 | 55.00 | 59.00 | NOTE | |
r-patched-linux-x86_64 | 0.7-8 | 2.95 | 33.51 | 36.46 | NOTE | |
r-release-linux-x86_64 | 0.7-8 | 2.57 | 34.20 | 36.77 | NOTE | |
r-release-macos-arm64 | 0.7-8 | 25.00 | NOTE | |||
r-release-macos-x86_64 | 0.7-8 | 38.00 | NOTE | |||
r-release-windows-x86_64 | 0.7-8 | 3.00 | 55.00 | 58.00 | NOTE | |
r-oldrel-macos-arm64 | 0.7-8 | 30.00 | NOTE | |||
r-oldrel-macos-x86_64 | 0.7-8 | 33.00 | NOTE | |||
r-oldrel-windows-x86_64 | 0.7-8 | 3.00 | 59.00 | 62.00 | NOTE |
Version: 0.7-8
Check: Rd files
Result: NOTE
checkRd: (-1) randomVarImpsRFplot.Rd:97: Escaped LaTeX specials: \&
checkRd: (-1) varSelImpSpecRF.Rd:83: Escaped LaTeX specials: \&
Flavors: r-devel-linux-x86_64-debian-clang, r-devel-linux-x86_64-debian-gcc, r-devel-linux-x86_64-fedora-clang, r-devel-linux-x86_64-fedora-gcc, r-devel-windows-x86_64, r-patched-linux-x86_64, r-release-linux-x86_64, r-release-macos-arm64, r-release-macos-x86_64, r-release-windows-x86_64, r-oldrel-macos-arm64, r-oldrel-macos-x86_64, r-oldrel-windows-x86_64