Last updated on 2024-08-07 00:49:31 CEST.
Flavor | Version | Tinstall | Tcheck | Ttotal | Status | Flags |
---|---|---|---|---|---|---|
r-devel-linux-x86_64-debian-clang | 0.4.6 | 85.00 | 55.34 | 140.34 | NOTE | |
r-devel-linux-x86_64-debian-gcc | 0.4.6 | 69.69 | 39.80 | 109.49 | NOTE | |
r-devel-linux-x86_64-fedora-clang | 0.4.6 | 236.06 | NOTE | |||
r-devel-linux-x86_64-fedora-gcc | 0.4.6 | 332.96 | NOTE | |||
r-devel-windows-x86_64 | 0.4.6 | 119.00 | 165.00 | 284.00 | NOTE | |
r-patched-linux-x86_64 | 0.4.6 | 95.59 | 52.90 | 148.49 | NOTE | |
r-release-linux-x86_64 | 0.4.6 | 96.22 | 54.52 | 150.74 | NOTE | |
r-release-macos-arm64 | 0.4.6 | 109.00 | NOTE | |||
r-release-macos-x86_64 | 0.4.6 | 77.00 | NOTE | |||
r-release-windows-x86_64 | 0.4.6 | 114.00 | 168.00 | 282.00 | NOTE | |
r-oldrel-macos-arm64 | 0.4.6 | 91.00 | NOTE | |||
r-oldrel-macos-x86_64 | 0.4.6 | 123.00 | NOTE | |||
r-oldrel-windows-x86_64 | 0.4.6 | 116.00 | 191.00 | 307.00 | NOTE |
Version: 0.4.6
Check: for GNU extensions in Makefiles
Result: NOTE
GNU make is a SystemRequirements.
Flavors: r-devel-linux-x86_64-debian-clang, r-devel-linux-x86_64-debian-gcc, r-devel-linux-x86_64-fedora-clang, r-devel-linux-x86_64-fedora-gcc, r-devel-windows-x86_64, r-patched-linux-x86_64, r-release-linux-x86_64, r-release-macos-arm64, r-release-macos-x86_64, r-release-windows-x86_64, r-oldrel-macos-arm64, r-oldrel-macos-x86_64, r-oldrel-windows-x86_64
Version: 0.4.6
Check: installed package size
Result: NOTE
installed size is 11.7Mb
sub-directories of 1Mb or more:
libs 11.2Mb
Flavors: r-devel-windows-x86_64, r-release-macos-arm64, r-release-macos-x86_64, r-release-windows-x86_64, r-oldrel-macos-arm64, r-oldrel-macos-x86_64, r-oldrel-windows-x86_64