Last updated on 2024-08-07 00:49:31 CEST.
Flavor | Version | Tinstall | Tcheck | Ttotal | Status | Flags |
---|---|---|---|---|---|---|
r-devel-linux-x86_64-debian-clang | 0.10.0 | 115.73 | 161.22 | 276.95 | OK | |
r-devel-linux-x86_64-debian-gcc | 0.10.0 | 87.84 | 120.09 | 207.93 | OK | |
r-devel-linux-x86_64-fedora-clang | 0.10.0 | 473.97 | NOTE | |||
r-devel-linux-x86_64-fedora-gcc | 0.10.0 | 582.67 | OK | |||
r-devel-windows-x86_64 | 0.10.0 | 106.00 | 344.00 | 450.00 | NOTE | |
r-patched-linux-x86_64 | 0.10.0 | 113.37 | 161.96 | 275.33 | OK | |
r-release-linux-x86_64 | 0.10.0 | 119.39 | 164.45 | 283.84 | OK | |
r-release-macos-arm64 | 0.10.0 | 139.00 | NOTE | |||
r-release-macos-x86_64 | 0.10.0 | 241.00 | NOTE | |||
r-release-windows-x86_64 | 0.10.0 | 108.00 | 341.00 | 449.00 | NOTE | |
r-oldrel-macos-arm64 | 0.10.0 | 152.00 | NOTE | |||
r-oldrel-macos-x86_64 | 0.10.0 | 389.00 | NOTE | |||
r-oldrel-windows-x86_64 | 0.10.0 | 130.00 | 367.00 | 497.00 | NOTE |
Version: 0.10.0
Check: installed package size
Result: NOTE
installed size is 6.4Mb
sub-directories of 1Mb or more:
doc 1.4Mb
libs 4.8Mb
Flavors: r-devel-linux-x86_64-fedora-clang, r-devel-windows-x86_64, r-release-macos-arm64, r-release-macos-x86_64, r-release-windows-x86_64, r-oldrel-macos-arm64, r-oldrel-macos-x86_64, r-oldrel-windows-x86_64