Last updated on 2024-08-07 00:49:31 CEST.
Flavor | Version | Tinstall | Tcheck | Ttotal | Status | Flags |
---|---|---|---|---|---|---|
r-devel-linux-x86_64-debian-clang | 1.8.5 | 3.36 | 54.95 | 58.31 | OK | |
r-devel-linux-x86_64-debian-gcc | 1.8.5 | 2.78 | 39.02 | 41.80 | OK | |
r-devel-linux-x86_64-fedora-clang | 1.8.5 | 101.00 | NOTE | |||
r-devel-linux-x86_64-fedora-gcc | 1.8.5 | 110.61 | NOTE | |||
r-devel-windows-x86_64 | 1.8.5 | 7.00 | 76.00 | 83.00 | OK | |
r-patched-linux-x86_64 | 1.8.5 | 3.82 | 52.34 | 56.16 | OK | |
r-release-linux-x86_64 | 1.8.5 | 3.61 | 52.97 | 56.58 | OK | |
r-release-macos-arm64 | 1.8.5 | 36.00 | OK | |||
r-release-macos-x86_64 | 1.8.5 | 55.00 | OK | |||
r-release-windows-x86_64 | 1.8.5 | 4.00 | 78.00 | 82.00 | OK | |
r-oldrel-macos-arm64 | 1.8.5 | 40.00 | OK | |||
r-oldrel-macos-x86_64 | 1.8.5 | 97.00 | OK | |||
r-oldrel-windows-x86_64 | 1.8.5 | 8.00 | 82.00 | 90.00 | OK |
Version: 1.8.5
Check: data for non-ASCII characters
Result: NOTE
Note: found 83 marked UTF-8 strings
Flavors: r-devel-linux-x86_64-fedora-clang, r-devel-linux-x86_64-fedora-gcc