Last updated on 2024-08-07 00:49:31 CEST.
Flavor | Version | Tinstall | Tcheck | Ttotal | Status | Flags |
---|---|---|---|---|---|---|
r-devel-linux-x86_64-debian-clang | 1.2.4 | 6.85 | 75.77 | 82.62 | OK | |
r-devel-linux-x86_64-debian-gcc | 1.2.4 | 3.80 | 57.33 | 61.13 | OK | |
r-devel-linux-x86_64-fedora-clang | 1.2.4 | 137.20 | NOTE | |||
r-devel-linux-x86_64-fedora-gcc | 1.2.4 | 147.78 | OK | |||
r-devel-windows-x86_64 | 1.2.4 | 8.00 | 91.00 | 99.00 | NOTE | |
r-patched-linux-x86_64 | 1.2.4 | 6.31 | 72.11 | 78.42 | OK | |
r-release-linux-x86_64 | 1.2.4 | 6.51 | 73.88 | 80.39 | OK | |
r-release-macos-arm64 | 1.2.4 | 52.00 | NOTE | |||
r-release-macos-x86_64 | 1.2.4 | 74.00 | NOTE | |||
r-release-windows-x86_64 | 1.2.4 | 10.00 | 90.00 | 100.00 | NOTE | |
r-oldrel-macos-arm64 | 1.2.4 | 53.00 | NOTE | |||
r-oldrel-macos-x86_64 | 1.2.4 | 86.00 | NOTE | |||
r-oldrel-windows-x86_64 | 1.2.4 | 10.00 | 106.00 | 116.00 | NOTE |
Version: 1.2.4
Check: installed package size
Result: NOTE
installed size is 5.9Mb
sub-directories of 1Mb or more:
doc 5.5Mb
Flavors: r-devel-linux-x86_64-fedora-clang, r-devel-windows-x86_64, r-release-macos-arm64, r-release-macos-x86_64, r-release-windows-x86_64, r-oldrel-macos-arm64, r-oldrel-macos-x86_64, r-oldrel-windows-x86_64