Last updated on 2024-08-07 00:49:31 CEST.
Flavor | Version | Tinstall | Tcheck | Ttotal | Status | Flags |
---|---|---|---|---|---|---|
r-devel-linux-x86_64-debian-clang | 1.0.1 | 3.27 | 91.50 | 94.77 | OK | |
r-devel-linux-x86_64-debian-gcc | 1.0.1 | 2.46 | 64.25 | 66.71 | OK | |
r-devel-linux-x86_64-fedora-clang | 1.0.1 | 157.42 | NOTE | |||
r-devel-linux-x86_64-fedora-gcc | 1.0.1 | 169.15 | OK | |||
r-devel-windows-x86_64 | 1.0.1 | 5.00 | 95.00 | 100.00 | NOTE | |
r-patched-linux-x86_64 | 1.0.1 | 3.26 | 88.53 | 91.79 | OK | |
r-release-linux-x86_64 | 1.0.1 | 2.53 | 90.48 | 93.01 | OK | |
r-release-macos-arm64 | 1.0.1 | 44.00 | NOTE | |||
r-release-macos-x86_64 | 1.0.1 | 72.00 | NOTE | |||
r-release-windows-x86_64 | 1.0.1 | 5.00 | 96.00 | 101.00 | NOTE | |
r-oldrel-macos-arm64 | 1.0.1 | 53.00 | NOTE | |||
r-oldrel-macos-x86_64 | 1.0.1 | 76.00 | NOTE | |||
r-oldrel-windows-x86_64 | 1.0.1 | 7.00 | 118.00 | 125.00 | NOTE |
Version: 1.0.1
Check: installed package size
Result: NOTE
installed size is 6.8Mb
sub-directories of 1Mb or more:
doc 5.4Mb
extdata 1.1Mb
Flavors: r-devel-linux-x86_64-fedora-clang, r-devel-windows-x86_64, r-release-macos-arm64, r-release-macos-x86_64, r-release-windows-x86_64, r-oldrel-macos-arm64, r-oldrel-macos-x86_64, r-oldrel-windows-x86_64