Last updated on 2024-08-07 00:49:31 CEST.
Flavor | Version | Tinstall | Tcheck | Ttotal | Status | Flags |
---|---|---|---|---|---|---|
r-devel-linux-x86_64-debian-clang | 1.1.2-7 | 443.20 | 51.82 | 495.02 | NOTE | |
r-devel-linux-x86_64-debian-gcc | 1.1.2-7 | 347.07 | 57.51 | 404.58 | NOTE | |
r-devel-linux-x86_64-fedora-clang | 1.1.2-7 | 798.67 | NOTE | |||
r-devel-linux-x86_64-fedora-gcc | 1.1.2-7 | 1200.63 | NOTE | |||
r-devel-windows-x86_64 | 1.1.2-7 | 491.00 | 137.00 | 628.00 | NOTE | |
r-patched-linux-x86_64 | 1.1.2-7 | 441.13 | 77.41 | 518.54 | NOTE | |
r-release-linux-x86_64 | 1.1.2-7 | 456.27 | 77.72 | 533.99 | NOTE | |
r-release-macos-arm64 | 1.1.2-7 | 183.00 | NOTE | |||
r-release-macos-x86_64 | 1.1.2-7 | 177.00 | NOTE | |||
r-release-windows-x86_64 | 1.1.2-7 | 499.00 | 129.00 | 628.00 | NOTE | |
r-oldrel-macos-arm64 | 1.1.2-7 | 195.00 | NOTE | |||
r-oldrel-macos-x86_64 | 1.1.2-7 | 241.00 | NOTE | |||
r-oldrel-windows-x86_64 | 1.1.2-7 | 592.00 | 153.00 | 745.00 | OK |
Version: 1.1.2-7
Check: Rd files
Result: NOTE
checkRd: (-1) compute_indicators.Rd:17: Lost braces in \itemize; meant \describe ?
checkRd: (-1) compute_indicators.Rd:18: Lost braces in \itemize; meant \describe ?
checkRd: (-1) compute_indicators.Rd:19: Lost braces in \itemize; meant \describe ?
checkRd: (-1) compute_indicators.Rd:20: Lost braces in \itemize; meant \describe ?
checkRd: (-1) compute_indicators.Rd:21: Lost braces in \itemize; meant \describe ?
checkRd: (-1) compute_indicators.Rd:22: Lost braces in \itemize; meant \describe ?
checkRd: (-1) direct_sampling.Rd:12: Lost braces in \itemize; meant \describe ?
checkRd: (-1) direct_sampling.Rd:13: Lost braces in \itemize; meant \describe ?
checkRd: (-1) direct_sampling.Rd:14: Lost braces in \itemize; meant \describe ?
checkRd: (-1) direct_sampling.Rd:15: Lost braces in \itemize; meant \describe ?
checkRd: (-1) gen_rand_hpoly.Rd:16: Lost braces in \itemize; meant \describe ?
checkRd: (-1) gen_rand_hpoly.Rd:17: Lost braces in \itemize; meant \describe ?
checkRd: (-1) gen_rand_vpoly.Rd:16: Lost braces in \itemize; meant \describe ?
checkRd: (-1) gen_rand_vpoly.Rd:17: Lost braces in \itemize; meant \describe ?
checkRd: (-1) gen_rand_zonotope.Rd:20: Lost braces in \itemize; meant \describe ?
checkRd: (-1) gen_rand_zonotope.Rd:21: Lost braces in \itemize; meant \describe ?
checkRd: (-1) round_polytope.Rd:14: Lost braces in \itemize; meant \describe ?
checkRd: (-1) round_polytope.Rd:15: Lost braces in \itemize; meant \describe ?
checkRd: (-1) round_polytope.Rd:16: Lost braces in \itemize; meant \describe ?
checkRd: (-1) sample_points.Rd:16: Lost braces in \itemize; meant \describe ?
checkRd: (-1) sample_points.Rd:17: Lost braces in \itemize; meant \describe ?
checkRd: (-1) sample_points.Rd:18: Lost braces in \itemize; meant \describe ?
checkRd: (-1) sample_points.Rd:19: Lost braces in \itemize; meant \describe ?
checkRd: (-1) sample_points.Rd:20: Lost braces in \itemize; meant \describe ?
checkRd: (-1) sample_points.Rd:21: Lost braces in \itemize; meant \describe ?
checkRd: (-1) sample_points.Rd:22: Lost braces in \itemize; meant \describe ?
checkRd: (-1) sample_points.Rd:27: Lost braces in \itemize; meant \describe ?
checkRd: (-1) sample_points.Rd:28: Lost braces in \itemize; meant \describe ?
checkRd: (-1) sample_points.Rd:29: Lost braces in \itemize; meant \describe ?
checkRd: (-1) volume.Rd:14: Lost braces in \itemize; meant \describe ?
checkRd: (-1) volume.Rd:15: Lost braces in \itemize; meant \describe ?
checkRd: (-1) volume.Rd:16: Lost braces in \itemize; meant \describe ?
checkRd: (-1) volume.Rd:17: Lost braces in \itemize; meant \describe ?
checkRd: (-1) volume.Rd:18: Lost braces in \itemize; meant \describe ?
checkRd: (-1) volume.Rd:19: Lost braces in \itemize; meant \describe ?
checkRd: (-1) volume.Rd:20: Lost braces in \itemize; meant \describe ?
checkRd: (-1) zonotope_approximation.Rd:20: Lost braces in \itemize; meant \describe ?
checkRd: (-1) zonotope_approximation.Rd:21: Lost braces in \itemize; meant \describe ?
checkRd: (-1) zonotope_approximation.Rd:22: Lost braces in \itemize; meant \describe ?
checkRd: (-1) zonotope_approximation.Rd:23: Lost braces in \itemize; meant \describe ?
checkRd: (-1) zonotope_approximation.Rd:24: Lost braces in \itemize; meant \describe ?
Flavors: r-devel-linux-x86_64-debian-clang, r-devel-linux-x86_64-debian-gcc, r-devel-linux-x86_64-fedora-clang, r-devel-linux-x86_64-fedora-gcc, r-devel-windows-x86_64, r-patched-linux-x86_64, r-release-linux-x86_64, r-release-macos-arm64, r-release-macos-x86_64, r-release-windows-x86_64
Version: 1.1.2-7
Check: installed package size
Result: NOTE
installed size is 62.0Mb
sub-directories of 1Mb or more:
libs 61.7Mb
Flavors: r-release-macos-arm64, r-release-macos-x86_64, r-oldrel-macos-arm64, r-oldrel-macos-x86_64