Last updated on 2024-08-07 00:49:31 CEST.
Flavor | Version | Tinstall | Tcheck | Ttotal | Status | Flags |
---|---|---|---|---|---|---|
r-devel-linux-x86_64-debian-clang | 1.0.3 | 6.78 | 53.73 | 60.51 | OK | |
r-devel-linux-x86_64-debian-gcc | 1.0.3 | 5.47 | 40.78 | 46.25 | OK | |
r-devel-linux-x86_64-fedora-clang | 1.0.3 | 96.18 | NOTE | |||
r-devel-linux-x86_64-fedora-gcc | 1.0.3 | 108.71 | OK | |||
r-devel-windows-x86_64 | 1.0.3 | 13.00 | 70.00 | 83.00 | NOTE | |
r-patched-linux-x86_64 | 1.0.3 | 6.89 | 51.26 | 58.15 | OK | |
r-release-linux-x86_64 | 1.0.3 | 6.79 | 51.50 | 58.29 | OK | |
r-release-macos-arm64 | 1.0.3 | 34.00 | NOTE | |||
r-release-macos-x86_64 | 1.0.3 | 52.00 | NOTE | |||
r-release-windows-x86_64 | 1.0.3 | 14.00 | 71.00 | 85.00 | NOTE | |
r-oldrel-macos-arm64 | 1.0.3 | 40.00 | NOTE | |||
r-oldrel-macos-x86_64 | 1.0.3 | 64.00 | NOTE | |||
r-oldrel-windows-x86_64 | 1.0.3 | 13.00 | 78.00 | 91.00 | NOTE |
Version: 1.0.3
Check: installed package size
Result: NOTE
installed size is 10.8Mb
sub-directories of 1Mb or more:
client 9.6Mb
doc 1.0Mb
Flavors: r-devel-linux-x86_64-fedora-clang, r-devel-windows-x86_64, r-release-macos-arm64, r-release-macos-x86_64, r-release-windows-x86_64, r-oldrel-macos-arm64, r-oldrel-macos-x86_64, r-oldrel-windows-x86_64