Last updated on 2024-08-07 00:49:31 CEST.
Flavor | Version | Tinstall | Tcheck | Ttotal | Status | Flags |
---|---|---|---|---|---|---|
r-devel-linux-x86_64-debian-clang | 2.0-1 | 5.92 | 56.49 | 62.41 | WARN | |
r-devel-linux-x86_64-debian-gcc | 2.0-1 | 4.32 | 41.24 | 45.56 | WARN | |
r-devel-linux-x86_64-fedora-clang | 2.0-1 | 108.20 | WARN | |||
r-devel-linux-x86_64-fedora-gcc | 2.0-1 | 116.24 | WARN | |||
r-devel-windows-x86_64 | 2.0-1 | 10.00 | 80.00 | 90.00 | WARN | |
r-patched-linux-x86_64 | 2.0-1 | 10.43 | 54.18 | 64.61 | OK | |
r-release-linux-x86_64 | 2.0-1 | 6.42 | 55.42 | 61.84 | OK | |
r-release-macos-arm64 | 2.0-1 | 42.00 | OK | |||
r-release-macos-x86_64 | 2.0-1 | 59.00 | OK | |||
r-release-windows-x86_64 | 2.0-1 | 10.00 | 81.00 | 91.00 | OK | |
r-oldrel-macos-arm64 | 2.0-1 | 41.00 | OK | |||
r-oldrel-macos-x86_64 | 2.0-1 | 59.00 | OK | |||
r-oldrel-windows-x86_64 | 2.0-1 | 11.00 | 90.00 | 101.00 | OK |
Version: 2.0-1
Check: ‘build’ directory
Result: WARN
R code(s) listed in 'build/vignette.rds' but not in package:
‘wgaim_intro.R’
Flavors: r-devel-linux-x86_64-debian-clang, r-devel-linux-x86_64-debian-gcc, r-devel-linux-x86_64-fedora-clang, r-devel-linux-x86_64-fedora-gcc, r-devel-windows-x86_64
Version: 2.0-1
Check: Rd cross-references
Result: NOTE
Found the following Rd file(s) with Rd \link{} targets missing package
anchors:
wgaim-package.Rd: qtl-package
Please provide package anchors for all Rd \link{} targets not in the
package itself and the base packages.
Flavors: r-devel-linux-x86_64-debian-clang, r-devel-linux-x86_64-debian-gcc, r-devel-windows-x86_64