Last updated on 2024-08-07 00:49:31 CEST.
Flavor | Version | Tinstall | Tcheck | Ttotal | Status | Flags |
---|---|---|---|---|---|---|
r-devel-linux-x86_64-debian-clang | 0.1 | 1.55 | 20.14 | 21.69 | OK | |
r-devel-linux-x86_64-debian-gcc | 0.1 | 1.42 | 16.05 | 17.47 | OK | |
r-devel-linux-x86_64-fedora-clang | 0.1 | 35.19 | NOTE | |||
r-devel-linux-x86_64-fedora-gcc | 0.1 | 34.33 | NOTE | |||
r-devel-windows-x86_64 | 0.1 | 4.00 | 42.00 | 46.00 | OK | |
r-patched-linux-x86_64 | 0.1 | 1.74 | 19.39 | 21.13 | OK | |
r-release-linux-x86_64 | 0.1 | 1.52 | 19.39 | 20.91 | OK | |
r-release-macos-arm64 | 0.1 | 18.00 | OK | |||
r-release-macos-x86_64 | 0.1 | 25.00 | OK | |||
r-release-windows-x86_64 | 0.1 | 5.00 | 43.00 | 48.00 | OK | |
r-oldrel-macos-arm64 | 0.1 | 18.00 | OK | |||
r-oldrel-macos-x86_64 | 0.1 | 21.00 | OK | |||
r-oldrel-windows-x86_64 | 0.1 | 5.00 | 44.00 | 49.00 | OK |
Version: 0.1
Check: data for non-ASCII characters
Result: NOTE
Note: found 4102 marked UTF-8 strings
Flavors: r-devel-linux-x86_64-fedora-clang, r-devel-linux-x86_64-fedora-gcc