Last updated on 2024-08-07 00:49:31 CEST.
Flavor | Version | Tinstall | Tcheck | Ttotal | Status | Flags |
---|---|---|---|---|---|---|
r-devel-linux-x86_64-debian-clang | 0.9.2 | 18.53 | 71.67 | 90.20 | OK | |
r-devel-linux-x86_64-debian-gcc | 0.9.2 | 13.45 | 48.90 | 62.35 | OK | |
r-devel-linux-x86_64-fedora-clang | 0.9.2 | 149.87 | NOTE | |||
r-devel-linux-x86_64-fedora-gcc | 0.9.2 | 152.36 | NOTE | |||
r-devel-windows-x86_64 | 0.9.2 | 34.00 | 111.00 | 145.00 | OK | |
r-patched-linux-x86_64 | 0.9.2 | 19.03 | 67.45 | 86.48 | OK | |
r-release-linux-x86_64 | 0.9.2 | 17.76 | 68.56 | 86.32 | OK | |
r-release-macos-arm64 | 0.9.2 | 61.00 | OK | |||
r-release-macos-x86_64 | 0.9.2 | 157.00 | OK | |||
r-release-windows-x86_64 | 0.9.2 | 38.00 | 112.00 | 150.00 | OK | |
r-oldrel-macos-arm64 | 0.9.2 | 61.00 | OK | |||
r-oldrel-macos-x86_64 | 0.9.2 | 132.00 | OK | |||
r-oldrel-windows-x86_64 | 0.9.2 | 35.00 | 132.00 | 167.00 | OK |
Version: 0.9.2
Check: data for non-ASCII characters
Result: NOTE
Note: found 3881 marked UTF-8 strings
Flavors: r-devel-linux-x86_64-fedora-clang, r-devel-linux-x86_64-fedora-gcc