Last updated on 2024-08-07 00:49:31 CEST.
Flavor | Version | Tinstall | Tcheck | Ttotal | Status | Flags |
---|---|---|---|---|---|---|
r-devel-linux-x86_64-debian-clang | 1.0.5 | 156.67 | 235.39 | 392.06 | OK | |
r-devel-linux-x86_64-debian-gcc | 1.0.5 | 103.60 | 160.15 | 263.75 | OK | |
r-devel-linux-x86_64-fedora-clang | 1.0.5 | 706.00 | OK | |||
r-devel-linux-x86_64-fedora-gcc | 1.0.5 | 744.19 | OK | |||
r-devel-windows-x86_64 | 1.0.5 | 169.00 | 234.00 | 403.00 | OK | |
r-patched-linux-x86_64 | 1.0.5 | 140.01 | 229.19 | 369.20 | OK | |
r-release-linux-x86_64 | 1.0.5 | 144.51 | 229.96 | 374.47 | OK | |
r-release-macos-arm64 | 1.0.5 | 181.00 | NOTE | |||
r-release-macos-x86_64 | 1.0.5 | 213.00 | NOTE | |||
r-release-windows-x86_64 | 1.0.5 | 171.00 | 233.00 | 404.00 | OK | |
r-oldrel-macos-arm64 | 1.0.5 | 212.00 | NOTE | |||
r-oldrel-macos-x86_64 | 1.0.5 | 364.00 | NOTE | |||
r-oldrel-windows-x86_64 | 1.0.5 | 202.00 | 281.00 | 483.00 | OK |
Version: 1.0.5
Check: installed package size
Result: NOTE
installed size is 8.7Mb
sub-directories of 1Mb or more:
libs 7.9Mb
Flavors: r-release-macos-arm64, r-release-macos-x86_64, r-oldrel-macos-arm64, r-oldrel-macos-x86_64
Version: 1.0.5
Check: package dependencies
Result: NOTE
Package suggested but not available for checking: ‘classInt’
Flavor: r-oldrel-macos-x86_64