Last updated on 2024-08-07 00:49:31 CEST.
Flavor | Version | Tinstall | Tcheck | Ttotal | Status | Flags |
---|---|---|---|---|---|---|
r-devel-linux-x86_64-debian-clang | 1.1.19 | 8.31 | 111.82 | 120.13 | NOTE | |
r-devel-linux-x86_64-debian-gcc | 1.1.19 | 4.41 | 79.73 | 84.14 | NOTE | |
r-devel-linux-x86_64-fedora-clang | 1.1.19 | 200.80 | NOTE | |||
r-devel-linux-x86_64-fedora-gcc | 1.1.19 | 203.63 | NOTE | |||
r-devel-windows-x86_64 | 1.1.19 | 8.00 | 143.00 | 151.00 | NOTE | |
r-patched-linux-x86_64 | 1.1.19 | 7.89 | 108.81 | 116.70 | NOTE | |
r-release-linux-x86_64 | 1.1.19 | 6.02 | 110.70 | 116.72 | NOTE | |
r-release-macos-arm64 | 1.1.19 | 67.00 | NOTE | |||
r-release-macos-x86_64 | 1.1.19 | 103.00 | NOTE | |||
r-release-windows-x86_64 | 1.1.19 | 8.00 | 144.00 | 152.00 | NOTE | |
r-oldrel-macos-arm64 | 1.1.19 | 68.00 | OK | |||
r-oldrel-macos-x86_64 | 1.1.19 | 100.00 | OK | |||
r-oldrel-windows-x86_64 | 1.1.19 | 11.00 | 166.00 | 177.00 | OK |
Version: 1.1.19
Check: Rd files
Result: NOTE
checkRd: (-1) completeManualPage.Rd:12: Lost braces
12 | See \emph{\bold{code{\link{ProcessingContext}}}}. Only
| ^
checkRd: (-1) produceAllManualPagesFromObject.Rd:14: Lost braces
14 | See \emph{\bold{\\code{\link{ProcessingContext}}}}.}
| ^
Flavors: r-devel-linux-x86_64-debian-clang, r-devel-linux-x86_64-debian-gcc, r-devel-linux-x86_64-fedora-clang, r-devel-linux-x86_64-fedora-gcc, r-devel-windows-x86_64, r-patched-linux-x86_64, r-release-linux-x86_64, r-release-macos-arm64, r-release-macos-x86_64, r-release-windows-x86_64