Last updated on 2024-08-07 00:49:31 CEST.
Flavor | Version | Tinstall | Tcheck | Ttotal | Status | Flags |
---|---|---|---|---|---|---|
r-devel-linux-x86_64-debian-clang | 2.0.0 | 4.70 | 46.63 | 51.33 | OK | |
r-devel-linux-x86_64-debian-gcc | 2.0.0 | 3.33 | 34.32 | 37.65 | OK | |
r-devel-linux-x86_64-fedora-clang | 2.0.0 | 84.45 | NOTE | |||
r-devel-linux-x86_64-fedora-gcc | 2.0.0 | 98.94 | NOTE | |||
r-devel-windows-x86_64 | 2.0.0 | 6.00 | 71.00 | 77.00 | OK | |
r-patched-linux-x86_64 | 2.0.0 | 3.87 | 45.13 | 49.00 | OK | |
r-release-linux-x86_64 | 2.0.0 | 4.51 | 45.49 | 50.00 | OK | |
r-release-macos-arm64 | 2.0.0 | 49.00 | OK | |||
r-release-macos-x86_64 | 2.0.0 | 66.00 | OK | |||
r-release-windows-x86_64 | 2.0.0 | 7.00 | 71.00 | 78.00 | OK | |
r-oldrel-macos-arm64 | 2.0.0 | 45.00 | OK | |||
r-oldrel-macos-x86_64 | 2.0.0 | 75.00 | OK | |||
r-oldrel-windows-x86_64 | 2.0.0 | 8.00 | 76.00 | 84.00 | OK |
Version: 2.0.0
Check: data for non-ASCII characters
Result: NOTE
Note: found 76 marked UTF-8 strings
Flavors: r-devel-linux-x86_64-fedora-clang, r-devel-linux-x86_64-fedora-gcc