Last updated on 2024-08-07 00:49:31 CEST.
Flavor | Version | Tinstall | Tcheck | Ttotal | Status | Flags |
---|---|---|---|---|---|---|
r-devel-linux-x86_64-debian-clang | 0.1.5 | 119.80 | 189.89 | 309.69 | OK | |
r-devel-linux-x86_64-debian-gcc | 0.1.5 | 92.05 | 155.95 | 248.00 | OK | |
r-devel-linux-x86_64-fedora-clang | 0.1.5 | 505.12 | OK | |||
r-devel-linux-x86_64-fedora-gcc | 0.1.5 | 788.24 | OK | |||
r-devel-windows-x86_64 | 0.1.5 | 102.00 | 210.00 | 312.00 | OK | |
r-patched-linux-x86_64 | 0.1.5 | 117.54 | 194.85 | 312.39 | OK | |
r-release-linux-x86_64 | 0.1.5 | 117.96 | 208.60 | 326.56 | OK | |
r-release-macos-arm64 | 0.1.5 | 193.00 | NOTE | |||
r-release-macos-x86_64 | 0.1.5 | 360.00 | NOTE | |||
r-release-windows-x86_64 | 0.1.5 | 108.00 | 224.00 | 332.00 | OK | |
r-oldrel-macos-arm64 | 0.1.5 | 218.00 | NOTE | |||
r-oldrel-macos-x86_64 | 0.1.5 | 41.00 | ERROR | |||
r-oldrel-windows-x86_64 | 0.1.5 | 117.00 | 294.00 | 411.00 | OK |
Version: 0.1.5
Check: installed package size
Result: NOTE
installed size is 9.2Mb
sub-directories of 1Mb or more:
libs 8.9Mb
Flavors: r-release-macos-arm64, r-release-macos-x86_64, r-oldrel-macos-arm64
Version: 0.1.5
Check: whether package can be installed
Result: ERROR
Installation failed.
Flavor: r-oldrel-macos-x86_64