CRAN Package Check Results for Package ABM

Last updated on 2024-02-29 00:55:33 CET.

Flavor Version Tinstall Tcheck Ttotal Status Flags
r-devel-linux-x86_64-debian-clang 0.3 120.10 36.83 156.93 OK
r-devel-linux-x86_64-debian-gcc 0.3 90.21 28.33 118.54 OK
r-devel-linux-x86_64-fedora-clang 0.3 218.35 OK
r-devel-linux-x86_64-fedora-gcc 0.3 220.31 OK
r-devel-windows-x86_64 0.3 83.00 82.00 165.00 OK
r-patched-linux-x86_64 0.3 109.76 36.92 146.68 OK
r-release-linux-x86_64 0.3 113.50 36.52 150.02 OK
r-release-macos-arm64 0.3 57.00 NOTE
r-release-macos-x86_64 0.3 91.00 OK
r-release-windows-x86_64 0.3 75.00 85.00 160.00 OK
r-oldrel-macos-arm64 0.3 53.00 OK
r-oldrel-windows-x86_64 0.3 99.00 74.00 173.00 OK

Check Details

Version: 0.3
Check: installed package size
Result: NOTE installed size is 5.1Mb sub-directories of 1Mb or more: libs 4.7Mb Flavor: r-release-macos-arm64