CRAN Package Check Results for Package ADMM

Last updated on 2024-02-21 00:54:21 CET.

Flavor Version Tinstall Tcheck Ttotal Status Flags
r-devel-linux-x86_64-debian-clang 0.3.3 NOTE
r-devel-linux-x86_64-debian-gcc 0.3.3 63.18 60.53 123.71 NOTE
r-devel-linux-x86_64-fedora-clang 0.3.3 213.03 NOTE
r-devel-linux-x86_64-fedora-gcc 0.3.3 212.35 NOTE
r-devel-windows-x86_64 0.3.3 56.00 101.00 157.00 NOTE
r-patched-linux-x86_64 0.3.3 76.71 78.34 155.05 NOTE
r-release-linux-x86_64 0.3.3 71.94 79.44 151.38 NOTE
r-release-macos-arm64 0.3.3 59.00 NOTE
r-release-macos-x86_64 0.3.3 96.00 NOTE
r-release-windows-x86_64 0.3.3 74.00 116.00 190.00 NOTE
r-oldrel-macos-arm64 0.3.3 54.00 NOTE
r-oldrel-windows-x86_64 0.3.3 71.00 110.00 181.00 OK

Check Details

Version: 0.3.3
Check: C++ specification
Result: NOTE Specified C++11: please drop specification unless essential Flavors: r-devel-linux-x86_64-debian-clang, r-devel-linux-x86_64-debian-gcc, r-devel-linux-x86_64-fedora-clang, r-devel-linux-x86_64-fedora-gcc, r-devel-windows-x86_64, r-patched-linux-x86_64, r-release-linux-x86_64, r-release-macos-arm64, r-release-macos-x86_64, r-release-windows-x86_64

Version: 0.3.3
Check: installed package size
Result: NOTE installed size is 6.0Mb sub-directories of 1Mb or more: libs 5.9Mb Flavors: r-release-macos-arm64, r-release-macos-x86_64, r-oldrel-macos-arm64