CRAN Package Check Results for Package ADMMsigma

Last updated on 2024-02-28 08:54:20 CET.

Flavor Version Tinstall Tcheck Ttotal Status Flags
r-devel-linux-x86_64-debian-clang 2.1 91.16 64.26 155.42 NOTE
r-devel-linux-x86_64-debian-gcc 2.1 65.04 48.23 113.27 NOTE
r-devel-linux-x86_64-fedora-clang 2.1 210.81 NOTE
r-devel-linux-x86_64-fedora-gcc 2.1 231.18 NOTE
r-devel-windows-x86_64 2.1 67.00 97.00 164.00 NOTE
r-patched-linux-x86_64 2.1 89.54 63.91 153.45 NOTE
r-release-linux-x86_64 2.1 84.55 62.15 146.70 NOTE
r-release-macos-arm64 2.1 69.00 NOTE
r-release-macos-x86_64 2.1 114.00 NOTE
r-release-windows-x86_64 2.1 85.00 118.00 203.00 NOTE
r-oldrel-macos-arm64 2.1 71.00 NOTE
r-oldrel-windows-x86_64 2.1 84.00 110.00 194.00 NOTE

Check Details

Version: 2.1
Check: LazyData
Result: NOTE 'LazyData' is specified without a 'data' directory Flavors: r-devel-linux-x86_64-debian-clang, r-devel-linux-x86_64-debian-gcc, r-devel-linux-x86_64-fedora-clang, r-devel-linux-x86_64-fedora-gcc, r-devel-windows-x86_64, r-patched-linux-x86_64, r-release-linux-x86_64, r-release-macos-arm64, r-release-macos-x86_64, r-release-windows-x86_64, r-oldrel-macos-arm64, r-oldrel-windows-x86_64