Last updated on 2024-05-07 00:56:05 CEST.
Flavor | Version | Tinstall | Tcheck | Ttotal | Status | Flags |
---|---|---|---|---|---|---|
r-devel-linux-x86_64-debian-clang | 2.1 | 83.03 | 65.89 | 148.92 | NOTE | |
r-devel-linux-x86_64-debian-gcc | 2.1 | 74.19 | 49.86 | 124.05 | NOTE | |
r-devel-linux-x86_64-fedora-clang | 2.1 | 216.34 | NOTE | |||
r-devel-linux-x86_64-fedora-gcc | 2.1 | 246.59 | NOTE | |||
r-devel-windows-x86_64 | 2.1 | 69.00 | 112.00 | 181.00 | NOTE | |
r-patched-linux-x86_64 | 2.1 | 83.95 | 63.43 | 147.38 | NOTE | |
r-release-linux-x86_64 | 2.1 | 81.04 | 66.88 | 147.92 | NOTE | |
r-release-macos-arm64 | 2.1 | 61.00 | NOTE | |||
r-release-windows-x86_64 | 2.1 | 71.00 | 98.00 | 169.00 | NOTE | |
r-oldrel-macos-arm64 | 2.1 | 69.00 | NOTE | |||
r-oldrel-macos-x86_64 | 2.1 | 114.00 | NOTE | |||
r-oldrel-windows-x86_64 | 2.1 | 86.00 | 111.00 | 197.00 | NOTE |
Version: 2.1
Check: LazyData
Result: NOTE
'LazyData' is specified without a 'data' directory
Flavors: r-devel-linux-x86_64-debian-clang, r-devel-linux-x86_64-debian-gcc, r-devel-linux-x86_64-fedora-clang, r-devel-linux-x86_64-fedora-gcc, r-devel-windows-x86_64, r-patched-linux-x86_64, r-release-linux-x86_64, r-release-macos-arm64, r-release-windows-x86_64, r-oldrel-macos-arm64, r-oldrel-macos-x86_64, r-oldrel-windows-x86_64