CRAN Package Check Results for Package AMModels

Last updated on 2024-02-28 00:56:13 CET.

Flavor Version Tinstall Tcheck Ttotal Status Flags
r-devel-linux-x86_64-debian-clang 0.1.4 8.48 59.82 68.30 OK
r-devel-linux-x86_64-debian-gcc 0.1.4 7.25 45.46 52.71 OK
r-devel-linux-x86_64-fedora-clang 0.1.4 94.53 OK
r-devel-linux-x86_64-fedora-gcc 0.1.4 104.83 OK
r-devel-windows-x86_64 0.1.4 10.00 85.00 95.00 OK
r-patched-linux-x86_64 0.1.4 7.28 60.36 67.64 OK
r-release-linux-x86_64 0.1.4 8.20 58.12 66.32 OK
r-release-macos-arm64 0.1.4 37.00 OK
r-release-macos-x86_64 0.1.4 49.00 NOTE
r-release-windows-x86_64 0.1.4 13.00 74.00 87.00 OK
r-oldrel-macos-arm64 0.1.4 88.00 OK
r-oldrel-windows-x86_64 0.1.4 12.00 79.00 91.00 OK

Check Details

Version: 0.1.4
Check: package dependencies
Result: NOTE Package suggested but not available for checking: ‘AICcmodavg’ Flavor: r-release-macos-x86_64