Last updated on 2024-08-31 17:48:51 CEST.
Flavor | Version | Tinstall | Tcheck | Ttotal | Status | Flags |
---|---|---|---|---|---|---|
r-devel-linux-x86_64-debian-clang | 1.2.0 | 50.65 | 219.83 | 270.48 | OK | |
r-devel-linux-x86_64-debian-gcc | 1.2.0 | 38.97 | 149.60 | 188.57 | OK | |
r-devel-linux-x86_64-fedora-clang | 1.2.0 | 458.84 | OK | |||
r-devel-linux-x86_64-fedora-gcc | 1.2.0 | 485.69 | OK | |||
r-devel-windows-x86_64 | 1.2.0 | 57.00 | 226.00 | 283.00 | OK | |
r-patched-linux-x86_64 | 1.2.0 | 52.46 | 204.29 | 256.75 | OK | |
r-release-linux-x86_64 | 1.2.0 | 51.16 | 207.41 | 258.57 | OK | |
r-release-macos-arm64 | 1.2.0 | 131.00 | NOTE | |||
r-release-macos-x86_64 | 1.2.0 | 227.00 | NOTE | |||
r-release-windows-x86_64 | 1.2.0 | 61.00 | 251.00 | 312.00 | OK | |
r-oldrel-macos-arm64 | 1.2.0 | 146.00 | NOTE | |||
r-oldrel-macos-x86_64 | 1.2.0 | 316.00 | NOTE | |||
r-oldrel-windows-x86_64 | 1.2.0 | 67.00 | 296.00 | 363.00 | OK |
Version: 1.2.0
Check: installed package size
Result: NOTE
installed size is 5.2Mb
sub-directories of 1Mb or more:
help 1.1Mb
libs 3.0Mb
Flavors: r-release-macos-arm64, r-release-macos-x86_64, r-oldrel-macos-arm64, r-oldrel-macos-x86_64