CRAN Package Check Results for Package ARCokrig

Last updated on 2024-02-22 16:49:10 CET.

Flavor Version Tinstall Tcheck Ttotal Status Flags
r-devel-linux-x86_64-debian-clang 0.1.2 NOTE
r-devel-linux-x86_64-debian-gcc 0.1.2 61.43 59.27 120.70 NOTE
r-devel-linux-x86_64-fedora-clang 0.1.2 202.25 NOTE
r-devel-linux-x86_64-fedora-gcc 0.1.2 212.67 NOTE
r-devel-windows-x86_64 0.1.2 57.00 97.00 154.00 NOTE
r-patched-linux-x86_64 0.1.2 70.36 80.32 150.68 NOTE
r-release-linux-x86_64 0.1.2 72.62 76.69 149.31 NOTE
r-release-macos-arm64 0.1.2 57.00 NOTE
r-release-macos-x86_64 0.1.2 83.00 NOTE
r-release-windows-x86_64 0.1.2 70.00 114.00 184.00 NOTE
r-oldrel-macos-arm64 0.1.2 52.00 NOTE
r-oldrel-windows-x86_64 0.1.2 68.00 107.00 175.00 OK

Check Details

Version: 0.1.2
Check: C++ specification
Result: NOTE Specified C++11: please drop specification unless essential Flavors: r-devel-linux-x86_64-debian-clang, r-devel-linux-x86_64-debian-gcc, r-devel-linux-x86_64-fedora-clang, r-devel-linux-x86_64-fedora-gcc, r-devel-windows-x86_64, r-patched-linux-x86_64, r-release-linux-x86_64, r-release-macos-arm64, r-release-macos-x86_64, r-release-windows-x86_64

Version: 0.1.2
Check: installed package size
Result: NOTE installed size is 18.2Mb sub-directories of 1Mb or more: libs 17.9Mb Flavors: r-release-macos-arm64, r-release-macos-x86_64, r-oldrel-macos-arm64