CRAN Package Check Results for Package ATAforecasting

Last updated on 2024-02-29 08:48:47 CET.

Flavor Version Tinstall Tcheck Ttotal Status Flags
r-devel-linux-x86_64-debian-clang 0.0.60 65.03 195.26 260.29 WARN
r-devel-linux-x86_64-debian-gcc 0.0.60 51.67 144.71 196.38 OK
r-devel-linux-x86_64-fedora-clang 0.0.60 330.06 OK
r-devel-linux-x86_64-fedora-gcc 0.0.60 316.19 OK
r-devel-windows-x86_64 0.0.60 49.00 179.00 228.00 OK
r-patched-linux-x86_64 0.0.60 49.69 188.47 238.16 OK
r-release-linux-x86_64 0.0.60 45.10 188.33 233.43 OK
r-release-macos-arm64 0.0.60 78.00 OK
r-release-macos-x86_64 0.0.60 208.00 OK
r-release-windows-x86_64 0.0.60 64.00 211.00 275.00 OK
r-oldrel-macos-arm64 0.0.60 78.00 OK
r-oldrel-windows-x86_64 0.0.60 62.00 198.00 260.00 OK

Check Details

Version: 0.0.60
Check: dependencies in R code
Result: NOTE Fortran STOP IEEE arithmetic exceptions signaled: INEXACT Flavor: r-devel-linux-x86_64-debian-clang

Version: 0.0.60
Check: S3 generic/method consistency
Result: WARN Fortran STOP IEEE arithmetic exceptions signaled: INEXACT See section ‘Generic functions and methods’ in the ‘Writing R Extensions’ manual. Flavor: r-devel-linux-x86_64-debian-clang

Version: 0.0.60
Check: replacement functions
Result: WARN Fortran STOP IEEE arithmetic exceptions signaled: INEXACT The argument of a replacement function which corresponds to the right hand side must be named ‘value’. Flavor: r-devel-linux-x86_64-debian-clang

Version: 0.0.60
Check: foreign function calls
Result: NOTE Fortran STOP IEEE arithmetic exceptions signaled: INEXACT See chapter ‘System and foreign language interfaces’ in the ‘Writing R Extensions’ manual. Flavor: r-devel-linux-x86_64-debian-clang

Version: 0.0.60
Check: R code for possible problems
Result: NOTE Fortran STOP IEEE arithmetic exceptions signaled: INEXACT Fortran STOP IEEE arithmetic exceptions signaled: INEXACT Fortran STOP IEEE arithmetic exceptions signaled: INEXACT Flavor: r-devel-linux-x86_64-debian-clang

Version: 0.0.60
Check: Rd files
Result: WARN Fortran STOP IEEE arithmetic exceptions signaled: INEXACT Flavor: r-devel-linux-x86_64-debian-clang

Version: 0.0.60
Check: for missing documentation entries
Result: WARN Fortran STOP IEEE arithmetic exceptions signaled: INEXACT All user-level objects in a package should have documentation entries. See chapter ‘Writing R documentation files’ in the ‘Writing R Extensions’ manual. Flavor: r-devel-linux-x86_64-debian-clang

Version: 0.0.60
Check: for code/documentation mismatches
Result: WARN Fortran STOP IEEE arithmetic exceptions signaled: INEXACT Fortran STOP IEEE arithmetic exceptions signaled: INEXACT Fortran STOP IEEE arithmetic exceptions signaled: INEXACT Flavor: r-devel-linux-x86_64-debian-clang

Version: 0.0.60
Check: Rd \usage sections
Result: NOTE Fortran STOP IEEE arithmetic exceptions signaled: INEXACT The \usage entries for S3 methods should use the \method markup and not their full name. See chapter ‘Writing R documentation files’ in the ‘Writing R Extensions’ manual. Flavor: r-devel-linux-x86_64-debian-clang